{"id":7183,"date":"2022-10-14T13:53:32","date_gmt":"2022-10-14T11:53:32","guid":{"rendered":"https:\/\/adistancia.temporada-alta.com\/?post_type=video&#038;p=7183"},"modified":"2023-03-07T11:27:43","modified_gmt":"2023-03-07T10:27:43","slug":"4-mort-vellesa-suicidi","status":"publish","type":"video","link":"https:\/\/adistancia.temporada-alta.com\/video\/4-mort-vellesa-suicidi\/","title":{"rendered":"#4 Mort, vellesa i su\u00efcidi"},"content":{"rendered":"\n<p>Quart episodi del P\u00f2dcast de Temporada Alta de Xavi Pardo i amb la participaci\u00f3 de\u00a0J\u00falia Barbany i N\u00faria Corominas del col\u00b7lectiu Las Huecas,\u00a0Teresa Turiera-Puigb\u00f2 del col\u00b7lectiu Cultura i Conflicte, Pau Masal\u00f3 i Irene Visa, dramaturgs de &#8220;Ciutat Dormitori&#8221;, Francesc Cu\u00e9llar i Ariadna Peya, codirectora de Les Impuxibles.<br><br><br><\/p>\n\n\n\n<p>Una producci\u00f3 de<br><img loading=\"lazy\" decoding=\"async\" width=\"125\" height=\"42\" class=\"wp-image-6381\" style=\"width: 125px;\" src=\"https:\/\/adistancia.temporada-alta.com\/wp-content\/uploads\/2021\/08\/Logo-TA.png\" alt=\"\" srcset=\"https:\/\/adistancia.temporada-alta.com\/wp-content\/uploads\/2021\/08\/Logo-TA.png 500w, https:\/\/adistancia.temporada-alta.com\/wp-content\/uploads\/2021\/08\/Logo-TA-300x100.png 300w, https:\/\/adistancia.temporada-alta.com\/wp-content\/uploads\/2021\/08\/Logo-TA-16x5.png 16w, https:\/\/adistancia.temporada-alta.com\/wp-content\/uploads\/2021\/08\/Logo-TA-24x8.png 24w, https:\/\/adistancia.temporada-alta.com\/wp-content\/uploads\/2021\/08\/Logo-TA-36x12.png 36w, https:\/\/adistancia.temporada-alta.com\/wp-content\/uploads\/2021\/08\/Logo-TA-48x16.png 48w\" sizes=\"auto, (max-width: 125px) 100vw, 125px\" \/><\/p>\n\n\n\n<p>Amb<br><strong>Jofre Font<\/strong>,<strong> Neus Molina<\/strong>,<strong> Gema Moraleda<\/strong>, <strong>Xavi Pardo<\/strong>,<strong> Oriol Puig Taul\u00e9<\/strong> i <strong>Laura Serra<\/strong><\/p>\n","protected":false},"excerpt":{"rendered":"<p>Us heu plantejat mai com ser\u00e0 la vostra mort? Heu pensat mai si els \u00faltims anys de la vostra vida? Passareu la vellesa en una resid\u00e8ncia? Heu contemplat mai la idea del su\u00efcidi? En un sol cap\u00edtol parlarem de temes que constantment esquivem. Tres tab\u00fas. Comencem amb una de les poques certeses que tenim, la mort. All\u00f2 que iguala a tothom no apareix mai en les converses i una bona excusa ens la poden proporcionar, precisament, peces teatrals com \u201cAquellas que no deben morir\u201d de las Huecas o \u201cCiutat dormitori\u201d d\u2019Pau Masal\u00f3 i Irene Visa. Per\u00f2, abans d\u2019arribar al final de la vida, tampoc parlem de l\u2019estadi previ de la majoria de mortals, la vellesa. N\u2019apartem tan la mirada que, fins i tot, origina discriminacions com l\u2019edatisme. A reflexionar-hi ens convida \u201cMoriu-vos\u201d, el nou projecte de \u201cCultura i conflicte\u201d. Finalment, un altre tab\u00fa que trenquem \u00e9s el de su\u00efcidi. Cada vegada hi ha m\u00e9s persones que consideren que amagar-lo sota el silenci no li fa cap b\u00e9, sin\u00f3 que \u00e9s parlant-ne i b\u00e9, que el podem prevenir. Dos espectacles recents l\u2019afronten, \u201cHarakiri\u201d de Les Impuxibles i \u201cLacrimosa\u201d de B\u00e0rbara Mestanza i Francesc Cu\u00e9llar. Ens acompanyeu per aquest passejada que comen\u00e7a en un cementiri?<\/p>\n","protected":false},"author":3486,"featured_media":7343,"comment_status":"closed","ping_status":"closed","template":"","meta":{"_expiration-date-status":"","_expiration-date":0,"_expiration-date-type":"","_expiration-date-categories":[],"_expiration-date-options":[]},"video_cat":[182],"video_tag":[185],"class_list":["post-7183","video","type-video","status-publish","has-post-thumbnail","hentry","video_cat-podcast-ta","video_tag-ta22"],"acf":[],"yoast_head":"<!-- This site is optimized with the Yoast SEO plugin v19.6.1 - https:\/\/yoast.com\/wordpress\/plugins\/seo\/ -->\n<title>#4 Mort, vellesa i su\u00efcidi &gt; Temporada Alta - A dist\u00e0ncia<\/title>\n<meta name=\"description\" content=\"Al cat\u00e0leg hi trobar\u00e0s una selecci\u00f3 de grans obres de teatre nacionals i internacionals que, en els darrers temps, han marcat el p\u00fablic, especialment el del festival. Un cat\u00e0leg de filmacions de muntatges teatrals en versi\u00f3 original de diversos directors i directores que han passat per Temporada Alta o que suposen fites en la seva traject\u00f2ria\" \/>\n<meta name=\"robots\" content=\"index, follow, max-snippet:-1, max-image-preview:large, max-video-preview:-1\" \/>\n<link rel=\"canonical\" href=\"https:\/\/adistancia.temporada-alta.com\/video\/4-mort-vellesa-suicidi\/\" \/>\n<meta property=\"og:locale\" content=\"ca_ES\" \/>\n<meta property=\"og:type\" content=\"article\" \/>\n<meta property=\"og:title\" content=\"#4 Mort, vellesa i su\u00efcidi &gt; Temporada Alta - A dist\u00e0ncia\" \/>\n<meta property=\"og:description\" content=\"Al cat\u00e0leg hi trobar\u00e0s una selecci\u00f3 de grans obres de teatre nacionals i internacionals que, en els darrers temps, han marcat el p\u00fablic, especialment el del festival. Un cat\u00e0leg de filmacions de muntatges teatrals en versi\u00f3 original de diversos directors i directores que han passat per Temporada Alta o que suposen fites en la seva traject\u00f2ria\" \/>\n<meta property=\"og:url\" content=\"https:\/\/adistancia.temporada-alta.com\/video\/4-mort-vellesa-suicidi\/\" \/>\n<meta property=\"og:site_name\" content=\"Temporada Alta - A dist\u00e0ncia\" \/>\n<meta property=\"article:modified_time\" content=\"2023-03-07T10:27:43+00:00\" \/>\n<meta property=\"og:image\" content=\"https:\/\/adistancia.temporada-alta.com\/wp-content\/uploads\/2023\/02\/P4_M.jpg\" \/>\n\t<meta property=\"og:image:width\" content=\"700\" \/>\n\t<meta property=\"og:image:height\" content=\"394\" \/>\n\t<meta property=\"og:image:type\" content=\"image\/jpeg\" \/>\n<meta name=\"twitter:card\" content=\"summary_large_image\" \/>\n<meta name=\"twitter:label1\" content=\"Temps estimat de lectura\" \/>\n\t<meta name=\"twitter:data1\" content=\"1 minut\" \/>\n<script type=\"application\/ld+json\" class=\"yoast-schema-graph\">{\"@context\":\"https:\/\/schema.org\",\"@graph\":[{\"@type\":\"WebPage\",\"@id\":\"https:\/\/adistancia.temporada-alta.com\/video\/4-mort-vellesa-suicidi\/\",\"url\":\"https:\/\/adistancia.temporada-alta.com\/video\/4-mort-vellesa-suicidi\/\",\"name\":\"#4 Mort, vellesa i su\u00efcidi &gt; Temporada Alta - A dist\u00e0ncia\",\"isPartOf\":{\"@id\":\"https:\/\/adistancia.temporada-alta.com\/#website\"},\"datePublished\":\"2022-10-14T11:53:32+00:00\",\"dateModified\":\"2023-03-07T10:27:43+00:00\",\"description\":\"Al cat\u00e0leg hi trobar\u00e0s una selecci\u00f3 de grans obres de teatre nacionals i internacionals que, en els darrers temps, han marcat el p\u00fablic, especialment el del festival. Un cat\u00e0leg de filmacions de muntatges teatrals en versi\u00f3 original de diversos directors i directores que han passat per Temporada Alta o que suposen fites en la seva traject\u00f2ria\",\"breadcrumb\":{\"@id\":\"https:\/\/adistancia.temporada-alta.com\/video\/4-mort-vellesa-suicidi\/#breadcrumb\"},\"inLanguage\":\"ca\",\"potentialAction\":[{\"@type\":\"ReadAction\",\"target\":[\"https:\/\/adistancia.temporada-alta.com\/video\/4-mort-vellesa-suicidi\/\"]}]},{\"@type\":\"BreadcrumbList\",\"@id\":\"https:\/\/adistancia.temporada-alta.com\/video\/4-mort-vellesa-suicidi\/#breadcrumb\",\"itemListElement\":[{\"@type\":\"ListItem\",\"position\":1,\"name\":\"Home\",\"item\":\"https:\/\/adistancia.temporada-alta.com\/\"},{\"@type\":\"ListItem\",\"position\":2,\"name\":\"Videos\",\"item\":\"https:\/\/adistancia.temporada-alta.com\/cataleg\/\"},{\"@type\":\"ListItem\",\"position\":3,\"name\":\"#4 Mort, vellesa i su\u00efcidi\"}]},{\"@type\":\"WebSite\",\"@id\":\"https:\/\/adistancia.temporada-alta.com\/#website\",\"url\":\"https:\/\/adistancia.temporada-alta.com\/\",\"name\":\"Temporada Alta - A dist\u00e0ncia\",\"description\":\"\",\"publisher\":{\"@id\":\"https:\/\/adistancia.temporada-alta.com\/#organization\"},\"potentialAction\":[{\"@type\":\"SearchAction\",\"target\":{\"@type\":\"EntryPoint\",\"urlTemplate\":\"https:\/\/adistancia.temporada-alta.com\/?s={search_term_string}\"},\"query-input\":\"required name=search_term_string\"}],\"inLanguage\":\"ca\"},{\"@type\":\"Organization\",\"@id\":\"https:\/\/adistancia.temporada-alta.com\/#organization\",\"name\":\"Temporada alta\",\"url\":\"https:\/\/adistancia.temporada-alta.com\/\",\"sameAs\":[],\"logo\":{\"@type\":\"ImageObject\",\"inLanguage\":\"ca\",\"@id\":\"https:\/\/adistancia.temporada-alta.com\/#\/schema\/logo\/image\/\",\"url\":\"https:\/\/adistancia.temporada-alta.com\/wp-content\/uploads\/2021\/08\/Logo-TA.png\",\"contentUrl\":\"https:\/\/adistancia.temporada-alta.com\/wp-content\/uploads\/2021\/08\/Logo-TA.png\",\"width\":500,\"height\":167,\"caption\":\"Temporada alta\"},\"image\":{\"@id\":\"https:\/\/adistancia.temporada-alta.com\/#\/schema\/logo\/image\/\"}}]}<\/script>\n<!-- \/ Yoast SEO plugin. -->","yoast_head_json":{"title":"#4 Mort, vellesa i su\u00efcidi &gt; Temporada Alta - A dist\u00e0ncia","description":"Al cat\u00e0leg hi trobar\u00e0s una selecci\u00f3 de grans obres de teatre nacionals i internacionals que, en els darrers temps, han marcat el p\u00fablic, especialment el del festival. Un cat\u00e0leg de filmacions de muntatges teatrals en versi\u00f3 original de diversos directors i directores que han passat per Temporada Alta o que suposen fites en la seva traject\u00f2ria","robots":{"index":"index","follow":"follow","max-snippet":"max-snippet:-1","max-image-preview":"max-image-preview:large","max-video-preview":"max-video-preview:-1"},"canonical":"https:\/\/adistancia.temporada-alta.com\/video\/4-mort-vellesa-suicidi\/","og_locale":"ca_ES","og_type":"article","og_title":"#4 Mort, vellesa i su\u00efcidi &gt; Temporada Alta - A dist\u00e0ncia","og_description":"Al cat\u00e0leg hi trobar\u00e0s una selecci\u00f3 de grans obres de teatre nacionals i internacionals que, en els darrers temps, han marcat el p\u00fablic, especialment el del festival. Un cat\u00e0leg de filmacions de muntatges teatrals en versi\u00f3 original de diversos directors i directores que han passat per Temporada Alta o que suposen fites en la seva traject\u00f2ria","og_url":"https:\/\/adistancia.temporada-alta.com\/video\/4-mort-vellesa-suicidi\/","og_site_name":"Temporada Alta - A dist\u00e0ncia","article_modified_time":"2023-03-07T10:27:43+00:00","og_image":[{"width":700,"height":394,"url":"https:\/\/adistancia.temporada-alta.com\/wp-content\/uploads\/2023\/02\/P4_M.jpg","type":"image\/jpeg"}],"twitter_card":"summary_large_image","twitter_misc":{"Temps estimat de lectura":"1 minut"},"schema":{"@context":"https:\/\/schema.org","@graph":[{"@type":"WebPage","@id":"https:\/\/adistancia.temporada-alta.com\/video\/4-mort-vellesa-suicidi\/","url":"https:\/\/adistancia.temporada-alta.com\/video\/4-mort-vellesa-suicidi\/","name":"#4 Mort, vellesa i su\u00efcidi &gt; Temporada Alta - A dist\u00e0ncia","isPartOf":{"@id":"https:\/\/adistancia.temporada-alta.com\/#website"},"datePublished":"2022-10-14T11:53:32+00:00","dateModified":"2023-03-07T10:27:43+00:00","description":"Al cat\u00e0leg hi trobar\u00e0s una selecci\u00f3 de grans obres de teatre nacionals i internacionals que, en els darrers temps, han marcat el p\u00fablic, especialment el del festival. Un cat\u00e0leg de filmacions de muntatges teatrals en versi\u00f3 original de diversos directors i directores que han passat per Temporada Alta o que suposen fites en la seva traject\u00f2ria","breadcrumb":{"@id":"https:\/\/adistancia.temporada-alta.com\/video\/4-mort-vellesa-suicidi\/#breadcrumb"},"inLanguage":"ca","potentialAction":[{"@type":"ReadAction","target":["https:\/\/adistancia.temporada-alta.com\/video\/4-mort-vellesa-suicidi\/"]}]},{"@type":"BreadcrumbList","@id":"https:\/\/adistancia.temporada-alta.com\/video\/4-mort-vellesa-suicidi\/#breadcrumb","itemListElement":[{"@type":"ListItem","position":1,"name":"Home","item":"https:\/\/adistancia.temporada-alta.com\/"},{"@type":"ListItem","position":2,"name":"Videos","item":"https:\/\/adistancia.temporada-alta.com\/cataleg\/"},{"@type":"ListItem","position":3,"name":"#4 Mort, vellesa i su\u00efcidi"}]},{"@type":"WebSite","@id":"https:\/\/adistancia.temporada-alta.com\/#website","url":"https:\/\/adistancia.temporada-alta.com\/","name":"Temporada Alta - A dist\u00e0ncia","description":"","publisher":{"@id":"https:\/\/adistancia.temporada-alta.com\/#organization"},"potentialAction":[{"@type":"SearchAction","target":{"@type":"EntryPoint","urlTemplate":"https:\/\/adistancia.temporada-alta.com\/?s={search_term_string}"},"query-input":"required name=search_term_string"}],"inLanguage":"ca"},{"@type":"Organization","@id":"https:\/\/adistancia.temporada-alta.com\/#organization","name":"Temporada alta","url":"https:\/\/adistancia.temporada-alta.com\/","sameAs":[],"logo":{"@type":"ImageObject","inLanguage":"ca","@id":"https:\/\/adistancia.temporada-alta.com\/#\/schema\/logo\/image\/","url":"https:\/\/adistancia.temporada-alta.com\/wp-content\/uploads\/2021\/08\/Logo-TA.png","contentUrl":"https:\/\/adistancia.temporada-alta.com\/wp-content\/uploads\/2021\/08\/Logo-TA.png","width":500,"height":167,"caption":"Temporada alta"},"image":{"@id":"https:\/\/adistancia.temporada-alta.com\/#\/schema\/logo\/image\/"}}]}},"_links":{"self":[{"href":"https:\/\/adistancia.temporada-alta.com\/api\/wp\/v2\/video\/7183","targetHints":{"allow":["GET"]}}],"collection":[{"href":"https:\/\/adistancia.temporada-alta.com\/api\/wp\/v2\/video"}],"about":[{"href":"https:\/\/adistancia.temporada-alta.com\/api\/wp\/v2\/types\/video"}],"author":[{"embeddable":true,"href":"https:\/\/adistancia.temporada-alta.com\/api\/wp\/v2\/users\/3486"}],"replies":[{"embeddable":true,"href":"https:\/\/adistancia.temporada-alta.com\/api\/wp\/v2\/comments?post=7183"}],"wp:featuredmedia":[{"embeddable":true,"href":"https:\/\/adistancia.temporada-alta.com\/api\/wp\/v2\/media\/7343"}],"wp:attachment":[{"href":"https:\/\/adistancia.temporada-alta.com\/api\/wp\/v2\/media?parent=7183"}],"wp:term":[{"taxonomy":"video_cat","embeddable":true,"href":"https:\/\/adistancia.temporada-alta.com\/api\/wp\/v2\/video_cat?post=7183"},{"taxonomy":"video_tag","embeddable":true,"href":"https:\/\/adistancia.temporada-alta.com\/api\/wp\/v2\/video_tag?post=7183"}],"curies":[{"name":"wp","href":"https:\/\/api.w.org\/{rel}","templated":true}]}}

#4 Mort, vellesa i suïcidi

<p>Quart episodi del Pòdcast de Temporada Alta de Xavi Pardo i amb la participació de Júlia Barbany i Núria Corominas del col·lectiu Las Huecas, Teresa Turiera-Puigbò del col·lectiu Cultura i Conflicte, Pau Masaló i Irene Visa, dramaturgs de &#8220;Ciutat Dormitori&#8221;, Francesc Cuéllar i Ariadna Peya, codirectora de Les Impuxibles.<br><br><br></p>



<p>Una producció de<br><img loading="lazy" decoding="async" width="125" height="42" class="wp-image-6381" style="width: 125px;" src="https://adistancia.temporada-alta.com/wp-content/uploads/2021/08/Logo-TA.png" alt="" srcset="https://adistancia.temporada-alta.com/wp-content/uploads/2021/08/Logo-TA.png 500w, https://adistancia.temporada-alta.com/wp-content/uploads/2021/08/Logo-TA-300x100.png 300w, https://adistancia.temporada-alta.com/wp-content/uploads/2021/08/Logo-TA-16x5.png 16w, https://adistancia.temporada-alta.com/wp-content/uploads/2021/08/Logo-TA-24x8.png 24w, https://adistancia.temporada-alta.com/wp-content/uploads/2021/08/Logo-TA-36x12.png 36w, https://adistancia.temporada-alta.com/wp-content/uploads/2021/08/Logo-TA-48x16.png 48w" sizes="auto, (max-width: 125px) 100vw, 125px" /></p>



<p>Amb<br><strong>Jofre Font</strong>,<strong> Neus Molina</strong>,<strong> Gema Moraleda</strong>, <strong>Xavi Pardo</strong>,<strong> Oriol Puig Taulé</strong> i <strong>Laura Serra</strong></p>

<p>Us heu plantejat mai com serà la vostra mort? Heu pensat mai si els últims anys de la vostra vida? Passareu la vellesa en una residència? Heu contemplat mai la idea del suïcidi? En un sol capítol parlarem de temes que constantment esquivem. Tres tabús. Comencem amb una de les poques certeses que tenim, la mort. Allò que iguala a tothom no apareix mai en les converses i una bona excusa ens la poden proporcionar, precisament, peces teatrals com “Aquellas que no deben morir” de las Huecas o “Ciutat dormitori” d’Pau Masaló i Irene Visa. Però, abans d’arribar al final de la vida, tampoc parlem de l’estadi previ de la majoria de mortals, la vellesa. N’apartem tan la mirada que, fins i tot, origina discriminacions com l’edatisme. A reflexionar-hi ens convida “Moriu-vos”, el nou projecte de “Cultura i conflicte”. Finalment, un altre tabú que trenquem és el de suïcidi. Cada vegada hi ha més persones que consideren que amagar-lo sota el silenci no li fa cap bé, sinó que és parlant-ne i bé, que el podem prevenir. Dos espectacles recents l’afronten, “Harakiri” de Les Impuxibles i “Lacrimosa” de Bàrbara Mestanza i Francesc Cuéllar. Ens acompanyeu per aquest passejada que comença en un cementiri?</p>

<!-- This site is optimized with the Yoast SEO plugin v19.6.1 - https://yoast.com/wordpress/plugins/seo/ -->
<title>#4 Mort, vellesa i suïcidi &gt; Temporada Alta - A distància</title>
<meta name="description" content="Al catàleg hi trobaràs una selecció de grans obres de teatre nacionals i internacionals que, en els darrers temps, han marcat el públic, especialment el del festival. Un catàleg de filmacions de muntatges teatrals en versió original de diversos directors i directores que han passat per Temporada Alta o que suposen fites en la seva trajectòria" />
<meta name="robots" content="index, follow, max-snippet:-1, max-image-preview:large, max-video-preview:-1" />
<link rel="canonical" href="https://adistancia.temporada-alta.com/video/4-mort-vellesa-suicidi/" />
<meta property="og:locale" content="ca_ES" />
<meta property="og:type" content="article" />
<meta property="og:title" content="#4 Mort, vellesa i suïcidi &gt; Temporada Alta - A distància" />
<meta property="og:description" content="Al catàleg hi trobaràs una selecció de grans obres de teatre nacionals i internacionals que, en els darrers temps, han marcat el públic, especialment el del festival. Un catàleg de filmacions de muntatges teatrals en versió original de diversos directors i directores que han passat per Temporada Alta o que suposen fites en la seva trajectòria" />
<meta property="og:url" content="https://adistancia.temporada-alta.com/video/4-mort-vellesa-suicidi/" />
<meta property="og:site_name" content="Temporada Alta - A distància" />
<meta property="article:modified_time" content="2023-03-07T10:27:43+00:00" />
<meta property="og:image" content="https://adistancia.temporada-alta.com/wp-content/uploads/2023/02/P4_M.jpg" />
	<meta property="og:image:width" content="700" />
	<meta property="og:image:height" content="394" />
	<meta property="og:image:type" content="image/jpeg" />
<meta name="twitter:card" content="summary_large_image" />
<meta name="twitter:label1" content="Temps estimat de lectura" />
	<meta name="twitter:data1" content="1 minut" />
<script type="application/ld+json" class="yoast-schema-graph">{"@context":"https://schema.org","@graph":[{"@type":"WebPage","@id":"https://adistancia.temporada-alta.com/video/4-mort-vellesa-suicidi/","url":"https://adistancia.temporada-alta.com/video/4-mort-vellesa-suicidi/","name":"#4 Mort, vellesa i suïcidi &gt; Temporada Alta - A distància","isPartOf":{"@id":"https://adistancia.temporada-alta.com/#website"},"datePublished":"2022-10-14T11:53:32+00:00","dateModified":"2023-03-07T10:27:43+00:00","description":"Al catàleg hi trobaràs una selecció de grans obres de teatre nacionals i internacionals que, en els darrers temps, han marcat el públic, especialment el del festival. Un catàleg de filmacions de muntatges teatrals en versió original de diversos directors i directores que han passat per Temporada Alta o que suposen fites en la seva trajectòria","breadcrumb":{"@id":"https://adistancia.temporada-alta.com/video/4-mort-vellesa-suicidi/#breadcrumb"},"inLanguage":"ca","potentialAction":[{"@type":"ReadAction","target":["https://adistancia.temporada-alta.com/video/4-mort-vellesa-suicidi/"]}]},{"@type":"BreadcrumbList","@id":"https://adistancia.temporada-alta.com/video/4-mort-vellesa-suicidi/#breadcrumb","itemListElement":[{"@type":"ListItem","position":1,"name":"Home","item":"https://adistancia.temporada-alta.com/"},{"@type":"ListItem","position":2,"name":"Videos","item":"https://adistancia.temporada-alta.com/cataleg/"},{"@type":"ListItem","position":3,"name":"#4 Mort, vellesa i suïcidi"}]},{"@type":"WebSite","@id":"https://adistancia.temporada-alta.com/#website","url":"https://adistancia.temporada-alta.com/","name":"Temporada Alta - A distància","description":"","publisher":{"@id":"https://adistancia.temporada-alta.com/#organization"},"potentialAction":[{"@type":"SearchAction","target":{"@type":"EntryPoint","urlTemplate":"https://adistancia.temporada-alta.com/?s={search_term_string}"},"query-input":"required name=search_term_string"}],"inLanguage":"ca"},{"@type":"Organization","@id":"https://adistancia.temporada-alta.com/#organization","name":"Temporada alta","url":"https://adistancia.temporada-alta.com/","sameAs":[],"logo":{"@type":"ImageObject","inLanguage":"ca","@id":"https://adistancia.temporada-alta.com/#/schema/logo/image/","url":"https://adistancia.temporada-alta.com/wp-content/uploads/2021/08/Logo-TA.png","contentUrl":"https://adistancia.temporada-alta.com/wp-content/uploads/2021/08/Logo-TA.png","width":500,"height":167,"caption":"Temporada alta"},"image":{"@id":"https://adistancia.temporada-alta.com/#/schema/logo/image/"}}]}</script>
<!-- / Yoast SEO plugin. -->

#4 Mort, vellesa i suïcidi &gt; Temporada Alta - A distància

Al catàleg hi trobaràs una selecció de grans obres de teatre nacionals i internacionals que, en els darrers temps, han marcat el públic, especialment el del festival. Un catàleg de filmacions de muntatges teatrals en versió original de diversos directors i directores que han passat per Temporada Alta o que suposen fites en la seva trajectòria

Temporada Alta - A distància
