{"id":7396,"date":"2023-03-03T13:25:35","date_gmt":"2023-03-03T12:25:35","guid":{"rendered":"https:\/\/adistancia.temporada-alta.com\/?post_type=video&#038;p=7396"},"modified":"2023-03-16T12:03:37","modified_gmt":"2023-03-16T11:03:37","slug":"tragedia","status":"publish","type":"video","link":"https:\/\/adistancia.temporada-alta.com\/en\/video\/tragedia\/","title":{"rendered":"Tragedy, the song of the goat"},"content":{"rendered":"<p>In 2014, the Troika debated the permanence of Greece in the European Union. Tragedy signifies the song of the goat.<br><br><br><\/p>\n\n\n\n<h2 class=\"wp-block-heading\">Artistic team<\/h2>\n\n\n\n<p>A short film by<br><strong>Salvador Sunyer<\/strong><\/p>\n\n\n\n<p>Production<br><img loading=\"lazy\" decoding=\"async\" width=\"125\" height=\"41\" class=\"wp-image-5802\" style=\"width: 125px;\" src=\"https:\/\/adistancia.temporada-alta.com\/wp-content\/uploads\/2021\/07\/LogoTA_320.png\" alt=\"\" srcset=\"https:\/\/adistancia.temporada-alta.com\/wp-content\/uploads\/2021\/07\/LogoTA_320.png 320w, https:\/\/adistancia.temporada-alta.com\/wp-content\/uploads\/2021\/07\/LogoTA_320-300x98.png 300w, https:\/\/adistancia.temporada-alta.com\/wp-content\/uploads\/2021\/07\/LogoTA_320-16x5.png 16w, https:\/\/adistancia.temporada-alta.com\/wp-content\/uploads\/2021\/07\/LogoTA_320-24x8.png 24w, https:\/\/adistancia.temporada-alta.com\/wp-content\/uploads\/2021\/07\/LogoTA_320-36x12.png 36w, https:\/\/adistancia.temporada-alta.com\/wp-content\/uploads\/2021\/07\/LogoTA_320-48x16.png 48w\" sizes=\"auto, (max-width: 125px) 100vw, 125px\" \/>&nbsp;&nbsp;&nbsp;&nbsp;&nbsp;&nbsp;&nbsp;&nbsp;&nbsp;&nbsp;<img loading=\"lazy\" decoding=\"async\" width=\"125\" height=\"59\" class=\"wp-image-7449\" style=\"width: 125px;\" src=\"https:\/\/adistancia.temporada-alta.com\/wp-content\/uploads\/2023\/03\/LogoNanouk-azul-fondo-transparente.png\" alt=\"\" srcset=\"https:\/\/adistancia.temporada-alta.com\/wp-content\/uploads\/2023\/03\/LogoNanouk-azul-fondo-transparente.png 1848w, https:\/\/adistancia.temporada-alta.com\/wp-content\/uploads\/2023\/03\/LogoNanouk-azul-fondo-transparente-300x142.png 300w, https:\/\/adistancia.temporada-alta.com\/wp-content\/uploads\/2023\/03\/LogoNanouk-azul-fondo-transparente-1024x486.png 1024w, https:\/\/adistancia.temporada-alta.com\/wp-content\/uploads\/2023\/03\/LogoNanouk-azul-fondo-transparente-768x364.png 768w, https:\/\/adistancia.temporada-alta.com\/wp-content\/uploads\/2023\/03\/LogoNanouk-azul-fondo-transparente-1536x729.png 1536w, https:\/\/adistancia.temporada-alta.com\/wp-content\/uploads\/2023\/03\/LogoNanouk-azul-fondo-transparente-18x9.png 18w, https:\/\/adistancia.temporada-alta.com\/wp-content\/uploads\/2023\/03\/LogoNanouk-azul-fondo-transparente-24x11.png 24w, https:\/\/adistancia.temporada-alta.com\/wp-content\/uploads\/2023\/03\/LogoNanouk-azul-fondo-transparente-36x17.png 36w, https:\/\/adistancia.temporada-alta.com\/wp-content\/uploads\/2023\/03\/LogoNanouk-azul-fondo-transparente-48x23.png 48w\" sizes=\"auto, (max-width: 125px) 100vw, 125px\" \/><\/p>","protected":false},"excerpt":{"rendered":"<p>Why is everything falling apart? We have forgotten where we came from and do not know where we are going. Everything dies and to be born again you have to be willing to die. If we are lost, why don&#039;t we look back? Our tragedy is already 4000 years old. Lyrical tribute to ancient Greece, essential cradle of what we are, and its tragedy today, which is also ours. Love song to the humanistic origin of our culture, the basis of Western rational thought. Tragedy is the origin of everything.<\/p>","protected":false},"author":3486,"featured_media":7406,"comment_status":"closed","ping_status":"closed","template":"","meta":{"_expiration-date-status":"","_expiration-date":0,"_expiration-date-type":"","_expiration-date-categories":[],"_expiration-date-options":[]},"video_cat":[181],"video_tag":[194],"class_list":["post-7396","video","type-video","status-publish","has-post-thumbnail","hentry","video_cat-curtmetratge","video_tag-ta15"],"acf":[],"yoast_head":"<!-- This site is optimized with the Yoast SEO plugin v19.6.1 - https:\/\/yoast.com\/wordpress\/plugins\/seo\/ -->\n<title>Trag\u00e8dia, el cant de la cabra &gt; Temporada Alta - A dist\u00e0ncia<\/title>\n<meta name=\"description\" content=\"Al cat\u00e0leg hi trobar\u00e0s una selecci\u00f3 de grans obres de teatre nacionals i internacionals que, en els darrers temps, han marcat el p\u00fablic, especialment el del festival. Un cat\u00e0leg de filmacions de muntatges teatrals en versi\u00f3 original de diversos directors i directores que han passat per Temporada Alta o que suposen fites en la seva traject\u00f2ria\" \/>\n<meta name=\"robots\" content=\"index, follow, max-snippet:-1, max-image-preview:large, max-video-preview:-1\" \/>\n<link rel=\"canonical\" href=\"https:\/\/adistancia.temporada-alta.com\/en\/video\/tragedia\/\" \/>\n<meta property=\"og:locale\" content=\"en_US\" \/>\n<meta property=\"og:type\" content=\"article\" \/>\n<meta property=\"og:title\" content=\"Trag\u00e8dia, el cant de la cabra &gt; Temporada Alta - A dist\u00e0ncia\" \/>\n<meta property=\"og:description\" content=\"Al cat\u00e0leg hi trobar\u00e0s una selecci\u00f3 de grans obres de teatre nacionals i internacionals que, en els darrers temps, han marcat el p\u00fablic, especialment el del festival. Un cat\u00e0leg de filmacions de muntatges teatrals en versi\u00f3 original de diversos directors i directores que han passat per Temporada Alta o que suposen fites en la seva traject\u00f2ria\" \/>\n<meta property=\"og:url\" content=\"https:\/\/adistancia.temporada-alta.com\/en\/video\/tragedia\/\" \/>\n<meta property=\"og:site_name\" content=\"Temporada Alta - A dist\u00e0ncia\" \/>\n<meta property=\"article:modified_time\" content=\"2023-03-16T11:03:37+00:00\" \/>\n<meta property=\"og:image\" content=\"https:\/\/adistancia.temporada-alta.com\/wp-content\/uploads\/2023\/03\/CTA15_M.jpg\" \/>\n\t<meta property=\"og:image:width\" content=\"700\" \/>\n\t<meta property=\"og:image:height\" content=\"394\" \/>\n\t<meta property=\"og:image:type\" content=\"image\/jpeg\" \/>\n<meta name=\"twitter:card\" content=\"summary_large_image\" \/>\n<meta name=\"twitter:label1\" content=\"Est. reading time\" \/>\n\t<meta name=\"twitter:data1\" content=\"1 minute\" \/>\n<script type=\"application\/ld+json\" class=\"yoast-schema-graph\">{\"@context\":\"https:\/\/schema.org\",\"@graph\":[{\"@type\":\"WebPage\",\"@id\":\"https:\/\/adistancia.temporada-alta.com\/video\/tragedia\/\",\"url\":\"https:\/\/adistancia.temporada-alta.com\/video\/tragedia\/\",\"name\":\"Trag\u00e8dia, el cant de la cabra &gt; Temporada Alta - A dist\u00e0ncia\",\"isPartOf\":{\"@id\":\"https:\/\/adistancia.temporada-alta.com\/#website\"},\"datePublished\":\"2023-03-03T12:25:35+00:00\",\"dateModified\":\"2023-03-16T11:03:37+00:00\",\"description\":\"Al cat\u00e0leg hi trobar\u00e0s una selecci\u00f3 de grans obres de teatre nacionals i internacionals que, en els darrers temps, han marcat el p\u00fablic, especialment el del festival. Un cat\u00e0leg de filmacions de muntatges teatrals en versi\u00f3 original de diversos directors i directores que han passat per Temporada Alta o que suposen fites en la seva traject\u00f2ria\",\"breadcrumb\":{\"@id\":\"https:\/\/adistancia.temporada-alta.com\/video\/tragedia\/#breadcrumb\"},\"inLanguage\":\"en-US\",\"potentialAction\":[{\"@type\":\"ReadAction\",\"target\":[\"https:\/\/adistancia.temporada-alta.com\/video\/tragedia\/\"]}]},{\"@type\":\"BreadcrumbList\",\"@id\":\"https:\/\/adistancia.temporada-alta.com\/video\/tragedia\/#breadcrumb\",\"itemListElement\":[{\"@type\":\"ListItem\",\"position\":1,\"name\":\"Home\",\"item\":\"https:\/\/adistancia.temporada-alta.com\/\"},{\"@type\":\"ListItem\",\"position\":2,\"name\":\"Videos\",\"item\":\"https:\/\/adistancia.temporada-alta.com\/cataleg\/\"},{\"@type\":\"ListItem\",\"position\":3,\"name\":\"Trag\u00e8dia, el cant de la cabra\"}]},{\"@type\":\"WebSite\",\"@id\":\"https:\/\/adistancia.temporada-alta.com\/#website\",\"url\":\"https:\/\/adistancia.temporada-alta.com\/\",\"name\":\"Temporada Alta - A dist\u00e0ncia\",\"description\":\"\",\"publisher\":{\"@id\":\"https:\/\/adistancia.temporada-alta.com\/#organization\"},\"potentialAction\":[{\"@type\":\"SearchAction\",\"target\":{\"@type\":\"EntryPoint\",\"urlTemplate\":\"https:\/\/adistancia.temporada-alta.com\/?s={search_term_string}\"},\"query-input\":\"required name=search_term_string\"}],\"inLanguage\":\"en-US\"},{\"@type\":\"Organization\",\"@id\":\"https:\/\/adistancia.temporada-alta.com\/#organization\",\"name\":\"Temporada alta\",\"url\":\"https:\/\/adistancia.temporada-alta.com\/\",\"sameAs\":[],\"logo\":{\"@type\":\"ImageObject\",\"inLanguage\":\"en-US\",\"@id\":\"https:\/\/adistancia.temporada-alta.com\/#\/schema\/logo\/image\/\",\"url\":\"https:\/\/adistancia.temporada-alta.com\/wp-content\/uploads\/2021\/08\/Logo-TA.png\",\"contentUrl\":\"https:\/\/adistancia.temporada-alta.com\/wp-content\/uploads\/2021\/08\/Logo-TA.png\",\"width\":500,\"height\":167,\"caption\":\"Temporada alta\"},\"image\":{\"@id\":\"https:\/\/adistancia.temporada-alta.com\/#\/schema\/logo\/image\/\"}}]}<\/script>\n<!-- \/ Yoast SEO plugin. -->","yoast_head_json":{"title":"Trag\u00e8dia, el cant de la cabra &gt; Temporada Alta - A dist\u00e0ncia","description":"Al cat\u00e0leg hi trobar\u00e0s una selecci\u00f3 de grans obres de teatre nacionals i internacionals que, en els darrers temps, han marcat el p\u00fablic, especialment el del festival. Un cat\u00e0leg de filmacions de muntatges teatrals en versi\u00f3 original de diversos directors i directores que han passat per Temporada Alta o que suposen fites en la seva traject\u00f2ria","robots":{"index":"index","follow":"follow","max-snippet":"max-snippet:-1","max-image-preview":"max-image-preview:large","max-video-preview":"max-video-preview:-1"},"canonical":"https:\/\/adistancia.temporada-alta.com\/en\/video\/tragedia\/","og_locale":"en_US","og_type":"article","og_title":"Trag\u00e8dia, el cant de la cabra &gt; Temporada Alta - A dist\u00e0ncia","og_description":"Al cat\u00e0leg hi trobar\u00e0s una selecci\u00f3 de grans obres de teatre nacionals i internacionals que, en els darrers temps, han marcat el p\u00fablic, especialment el del festival. Un cat\u00e0leg de filmacions de muntatges teatrals en versi\u00f3 original de diversos directors i directores que han passat per Temporada Alta o que suposen fites en la seva traject\u00f2ria","og_url":"https:\/\/adistancia.temporada-alta.com\/en\/video\/tragedia\/","og_site_name":"Temporada Alta - A dist\u00e0ncia","article_modified_time":"2023-03-16T11:03:37+00:00","og_image":[{"width":700,"height":394,"url":"https:\/\/adistancia.temporada-alta.com\/wp-content\/uploads\/2023\/03\/CTA15_M.jpg","type":"image\/jpeg"}],"twitter_card":"summary_large_image","twitter_misc":{"Est. reading time":"1 minute"},"schema":{"@context":"https:\/\/schema.org","@graph":[{"@type":"WebPage","@id":"https:\/\/adistancia.temporada-alta.com\/video\/tragedia\/","url":"https:\/\/adistancia.temporada-alta.com\/video\/tragedia\/","name":"Trag\u00e8dia, el cant de la cabra &gt; Temporada Alta - A dist\u00e0ncia","isPartOf":{"@id":"https:\/\/adistancia.temporada-alta.com\/#website"},"datePublished":"2023-03-03T12:25:35+00:00","dateModified":"2023-03-16T11:03:37+00:00","description":"Al cat\u00e0leg hi trobar\u00e0s una selecci\u00f3 de grans obres de teatre nacionals i internacionals que, en els darrers temps, han marcat el p\u00fablic, especialment el del festival. Un cat\u00e0leg de filmacions de muntatges teatrals en versi\u00f3 original de diversos directors i directores que han passat per Temporada Alta o que suposen fites en la seva traject\u00f2ria","breadcrumb":{"@id":"https:\/\/adistancia.temporada-alta.com\/video\/tragedia\/#breadcrumb"},"inLanguage":"en-US","potentialAction":[{"@type":"ReadAction","target":["https:\/\/adistancia.temporada-alta.com\/video\/tragedia\/"]}]},{"@type":"BreadcrumbList","@id":"https:\/\/adistancia.temporada-alta.com\/video\/tragedia\/#breadcrumb","itemListElement":[{"@type":"ListItem","position":1,"name":"Home","item":"https:\/\/adistancia.temporada-alta.com\/"},{"@type":"ListItem","position":2,"name":"Videos","item":"https:\/\/adistancia.temporada-alta.com\/cataleg\/"},{"@type":"ListItem","position":3,"name":"Trag\u00e8dia, el cant de la cabra"}]},{"@type":"WebSite","@id":"https:\/\/adistancia.temporada-alta.com\/#website","url":"https:\/\/adistancia.temporada-alta.com\/","name":"High Season - Distance","description":"","publisher":{"@id":"https:\/\/adistancia.temporada-alta.com\/#organization"},"potentialAction":[{"@type":"SearchAction","target":{"@type":"EntryPoint","urlTemplate":"https:\/\/adistancia.temporada-alta.com\/?s={search_term_string}"},"query-input":"required name=search_term_string"}],"inLanguage":"en-US"},{"@type":"Organization","@id":"https:\/\/adistancia.temporada-alta.com\/#organization","name":"Temporada alta","url":"https:\/\/adistancia.temporada-alta.com\/","sameAs":[],"logo":{"@type":"ImageObject","inLanguage":"en-US","@id":"https:\/\/adistancia.temporada-alta.com\/#\/schema\/logo\/image\/","url":"https:\/\/adistancia.temporada-alta.com\/wp-content\/uploads\/2021\/08\/Logo-TA.png","contentUrl":"https:\/\/adistancia.temporada-alta.com\/wp-content\/uploads\/2021\/08\/Logo-TA.png","width":500,"height":167,"caption":"Temporada alta"},"image":{"@id":"https:\/\/adistancia.temporada-alta.com\/#\/schema\/logo\/image\/"}}]}},"_links":{"self":[{"href":"https:\/\/adistancia.temporada-alta.com\/en\/api\/wp\/v2\/video\/7396","targetHints":{"allow":["GET"]}}],"collection":[{"href":"https:\/\/adistancia.temporada-alta.com\/en\/api\/wp\/v2\/video"}],"about":[{"href":"https:\/\/adistancia.temporada-alta.com\/en\/api\/wp\/v2\/types\/video"}],"author":[{"embeddable":true,"href":"https:\/\/adistancia.temporada-alta.com\/en\/api\/wp\/v2\/users\/3486"}],"replies":[{"embeddable":true,"href":"https:\/\/adistancia.temporada-alta.com\/en\/api\/wp\/v2\/comments?post=7396"}],"wp:featuredmedia":[{"embeddable":true,"href":"https:\/\/adistancia.temporada-alta.com\/en\/api\/wp\/v2\/media\/7406"}],"wp:attachment":[{"href":"https:\/\/adistancia.temporada-alta.com\/en\/api\/wp\/v2\/media?parent=7396"}],"wp:term":[{"taxonomy":"video_cat","embeddable":true,"href":"https:\/\/adistancia.temporada-alta.com\/en\/api\/wp\/v2\/video_cat?post=7396"},{"taxonomy":"video_tag","embeddable":true,"href":"https:\/\/adistancia.temporada-alta.com\/en\/api\/wp\/v2\/video_tag?post=7396"}],"curies":[{"name":"wp","href":"https:\/\/api.w.org\/{rel}","templated":true}]}}

<!-- This site is optimized with the Yoast SEO plugin v19.6.1 - https://yoast.com/wordpress/plugins/seo/ -->
<title>Tragèdia, el cant de la cabra &gt; Temporada Alta - A distància</title>
<meta name="description" content="Al catàleg hi trobaràs una selecció de grans obres de teatre nacionals i internacionals que, en els darrers temps, han marcat el públic, especialment el del festival. Un catàleg de filmacions de muntatges teatrals en versió original de diversos directors i directores que han passat per Temporada Alta o que suposen fites en la seva trajectòria" />
<meta name="robots" content="index, follow, max-snippet:-1, max-image-preview:large, max-video-preview:-1" />
<link rel="canonical" href="https://adistancia.temporada-alta.com/en/video/tragedia/" />
<meta property="og:locale" content="en_US" />
<meta property="og:type" content="article" />
<meta property="og:title" content="Tragèdia, el cant de la cabra &gt; Temporada Alta - A distància" />
<meta property="og:description" content="Al catàleg hi trobaràs una selecció de grans obres de teatre nacionals i internacionals que, en els darrers temps, han marcat el públic, especialment el del festival. Un catàleg de filmacions de muntatges teatrals en versió original de diversos directors i directores que han passat per Temporada Alta o que suposen fites en la seva trajectòria" />
<meta property="og:url" content="https://adistancia.temporada-alta.com/en/video/tragedia/" />
<meta property="og:site_name" content="Temporada Alta - A distància" />
<meta property="article:modified_time" content="2023-03-16T11:03:37+00:00" />
<meta property="og:image" content="https://adistancia.temporada-alta.com/wp-content/uploads/2023/03/CTA15_M.jpg" />
	<meta property="og:image:width" content="700" />
	<meta property="og:image:height" content="394" />
	<meta property="og:image:type" content="image/jpeg" />
<meta name="twitter:card" content="summary_large_image" />
<meta name="twitter:label1" content="Est. reading time" />
	<meta name="twitter:data1" content="1 minute" />
<script type="application/ld+json" class="yoast-schema-graph">{"@context":"https://schema.org","@graph":[{"@type":"WebPage","@id":"https://adistancia.temporada-alta.com/video/tragedia/","url":"https://adistancia.temporada-alta.com/video/tragedia/","name":"Tragèdia, el cant de la cabra &gt; Temporada Alta - A distància","isPartOf":{"@id":"https://adistancia.temporada-alta.com/#website"},"datePublished":"2023-03-03T12:25:35+00:00","dateModified":"2023-03-16T11:03:37+00:00","description":"Al catàleg hi trobaràs una selecció de grans obres de teatre nacionals i internacionals que, en els darrers temps, han marcat el públic, especialment el del festival. Un catàleg de filmacions de muntatges teatrals en versió original de diversos directors i directores que han passat per Temporada Alta o que suposen fites en la seva trajectòria","breadcrumb":{"@id":"https://adistancia.temporada-alta.com/video/tragedia/#breadcrumb"},"inLanguage":"en-US","potentialAction":[{"@type":"ReadAction","target":["https://adistancia.temporada-alta.com/video/tragedia/"]}]},{"@type":"BreadcrumbList","@id":"https://adistancia.temporada-alta.com/video/tragedia/#breadcrumb","itemListElement":[{"@type":"ListItem","position":1,"name":"Home","item":"https://adistancia.temporada-alta.com/"},{"@type":"ListItem","position":2,"name":"Videos","item":"https://adistancia.temporada-alta.com/cataleg/"},{"@type":"ListItem","position":3,"name":"Tragèdia, el cant de la cabra"}]},{"@type":"WebSite","@id":"https://adistancia.temporada-alta.com/#website","url":"https://adistancia.temporada-alta.com/","name":"Temporada Alta - A distància","description":"","publisher":{"@id":"https://adistancia.temporada-alta.com/#organization"},"potentialAction":[{"@type":"SearchAction","target":{"@type":"EntryPoint","urlTemplate":"https://adistancia.temporada-alta.com/?s={search_term_string}"},"query-input":"required name=search_term_string"}],"inLanguage":"en-US"},{"@type":"Organization","@id":"https://adistancia.temporada-alta.com/#organization","name":"Temporada alta","url":"https://adistancia.temporada-alta.com/","sameAs":[],"logo":{"@type":"ImageObject","inLanguage":"en-US","@id":"https://adistancia.temporada-alta.com/#/schema/logo/image/","url":"https://adistancia.temporada-alta.com/wp-content/uploads/2021/08/Logo-TA.png","contentUrl":"https://adistancia.temporada-alta.com/wp-content/uploads/2021/08/Logo-TA.png","width":500,"height":167,"caption":"Temporada alta"},"image":{"@id":"https://adistancia.temporada-alta.com/#/schema/logo/image/"}}]}</script>
<!-- / Yoast SEO plugin. -->

Tragèdia, el cant de la cabra &gt; Temporada Alta - A distància

Al catàleg hi trobaràs una selecció de grans obres de teatre nacionals i internacionals que, en els darrers temps, han marcat el públic, especialment el del festival. Un catàleg de filmacions de muntatges teatrals en versió original de diversos directors i directores que han passat per Temporada Alta o que suposen fites en la seva trajectòria

Temporada Alta - A distància

Tragèdia, el cant de la cabra
