{"id":7560,"date":"2023-07-03T09:00:00","date_gmt":"2023-07-03T07:00:00","guid":{"rendered":"https:\/\/adistancia.temporada-alta.com\/?post_type=video&#038;p=7560"},"modified":"2024-01-16T10:29:20","modified_gmt":"2024-01-16T09:29:20","slug":"caverna-romeo-castellucci","status":"publish","type":"video","link":"https:\/\/adistancia.temporada-alta.com\/en\/video\/caverna-romeo-castellucci\/","title":{"rendered":"The Cave Vol. 2 <\/br>Romeo Castellucci"},"content":{"rendered":"<p>Stage director Romeo Castellucci talks to Piersandra Di Matteo, playwright and performing arts specialist, about his ways of working and understanding the craft of writing and conceiving his theatrical pieces.<br><br><br><\/p>\n\n\n\n<h2 class=\"wp-block-heading\">Artistic team<\/h2>\n\n\n\n<p>With<br><strong>Romeo Castellucci<\/strong><br>and <strong>Piersandra Di Matteo<\/strong><\/p>\n\n\n\n<p>Audiovisual design and production<br><strong>Salvador Sunyer and Vidal<\/strong><\/p>\n\n\n\n<p>Production<br><img loading=\"lazy\" decoding=\"async\" width=\"125\" height=\"42\" class=\"wp-image-6381\" style=\"width: 125px;\" src=\"https:\/\/adistancia.temporada-alta.com\/wp-content\/uploads\/2021\/08\/Logo-TA.png\" alt=\"\" srcset=\"https:\/\/adistancia.temporada-alta.com\/wp-content\/uploads\/2021\/08\/Logo-TA.png 500w, https:\/\/adistancia.temporada-alta.com\/wp-content\/uploads\/2021\/08\/Logo-TA-300x100.png 300w, https:\/\/adistancia.temporada-alta.com\/wp-content\/uploads\/2021\/08\/Logo-TA-16x5.png 16w, https:\/\/adistancia.temporada-alta.com\/wp-content\/uploads\/2021\/08\/Logo-TA-24x8.png 24w, https:\/\/adistancia.temporada-alta.com\/wp-content\/uploads\/2021\/08\/Logo-TA-36x12.png 36w, https:\/\/adistancia.temporada-alta.com\/wp-content\/uploads\/2021\/08\/Logo-TA-48x16.png 48w\" sizes=\"auto, (max-width: 125px) 100vw, 125px\" \/><\/p>","protected":false},"excerpt":{"rendered":"<p>La Caverna is an audiovisual project where a series of artists who have been through Temporada Alta and linked to the festival reflect on their career, the performing arts and the world of creation, together with other artists, journalists and international personalities from the world of the culture<\/p>","protected":false},"author":3486,"featured_media":7589,"comment_status":"closed","ping_status":"closed","template":"","meta":{"_expiration-date-status":"","_expiration-date":0,"_expiration-date-type":"","_expiration-date-categories":[],"_expiration-date-options":[]},"video_cat":[202],"video_tag":[185],"class_list":["post-7560","video","type-video","status-publish","has-post-thumbnail","hentry","video_cat-la-caverna","video_tag-ta22"],"acf":[],"yoast_head":"<!-- This site is optimized with the Yoast SEO plugin v19.6.1 - https:\/\/yoast.com\/wordpress\/plugins\/seo\/ -->\n<title>La Caverna Vol. 2 Romeo Castellucci &gt; Temporada Alta - A dist\u00e0ncia<\/title>\n<meta name=\"description\" content=\"Al cat\u00e0leg hi trobar\u00e0s una selecci\u00f3 de grans obres de teatre nacionals i internacionals que, en els darrers temps, han marcat el p\u00fablic, especialment el del festival. Un cat\u00e0leg de filmacions de muntatges teatrals en versi\u00f3 original de diversos directors i directores que han passat per Temporada Alta o que suposen fites en la seva traject\u00f2ria\" \/>\n<meta name=\"robots\" content=\"index, follow, max-snippet:-1, max-image-preview:large, max-video-preview:-1\" \/>\n<link rel=\"canonical\" href=\"https:\/\/adistancia.temporada-alta.com\/en\/video\/caverna-romeo-castellucci\/\" \/>\n<meta property=\"og:locale\" content=\"en_US\" \/>\n<meta property=\"og:type\" content=\"article\" \/>\n<meta property=\"og:title\" content=\"La Caverna Vol. 2 Romeo Castellucci &gt; Temporada Alta - A dist\u00e0ncia\" \/>\n<meta property=\"og:description\" content=\"Al cat\u00e0leg hi trobar\u00e0s una selecci\u00f3 de grans obres de teatre nacionals i internacionals que, en els darrers temps, han marcat el p\u00fablic, especialment el del festival. Un cat\u00e0leg de filmacions de muntatges teatrals en versi\u00f3 original de diversos directors i directores que han passat per Temporada Alta o que suposen fites en la seva traject\u00f2ria\" \/>\n<meta property=\"og:url\" content=\"https:\/\/adistancia.temporada-alta.com\/en\/video\/caverna-romeo-castellucci\/\" \/>\n<meta property=\"og:site_name\" content=\"Temporada Alta - A dist\u00e0ncia\" \/>\n<meta property=\"article:modified_time\" content=\"2024-01-16T09:29:20+00:00\" \/>\n<meta property=\"og:image\" content=\"https:\/\/adistancia.temporada-alta.com\/wp-content\/uploads\/2023\/06\/CAVERNA2_M.jpg\" \/>\n\t<meta property=\"og:image:width\" content=\"711\" \/>\n\t<meta property=\"og:image:height\" content=\"400\" \/>\n\t<meta property=\"og:image:type\" content=\"image\/jpeg\" \/>\n<meta name=\"twitter:card\" content=\"summary_large_image\" \/>\n<meta name=\"twitter:label1\" content=\"Est. reading time\" \/>\n\t<meta name=\"twitter:data1\" content=\"1 minute\" \/>\n<script type=\"application\/ld+json\" class=\"yoast-schema-graph\">{\"@context\":\"https:\/\/schema.org\",\"@graph\":[{\"@type\":\"WebPage\",\"@id\":\"https:\/\/adistancia.temporada-alta.com\/video\/caverna-romeo-castellucci\/\",\"url\":\"https:\/\/adistancia.temporada-alta.com\/video\/caverna-romeo-castellucci\/\",\"name\":\"La Caverna Vol. 2 Romeo Castellucci &gt; Temporada Alta - A dist\u00e0ncia\",\"isPartOf\":{\"@id\":\"https:\/\/adistancia.temporada-alta.com\/#website\"},\"datePublished\":\"2023-07-03T07:00:00+00:00\",\"dateModified\":\"2024-01-16T09:29:20+00:00\",\"description\":\"Al cat\u00e0leg hi trobar\u00e0s una selecci\u00f3 de grans obres de teatre nacionals i internacionals que, en els darrers temps, han marcat el p\u00fablic, especialment el del festival. Un cat\u00e0leg de filmacions de muntatges teatrals en versi\u00f3 original de diversos directors i directores que han passat per Temporada Alta o que suposen fites en la seva traject\u00f2ria\",\"breadcrumb\":{\"@id\":\"https:\/\/adistancia.temporada-alta.com\/video\/caverna-romeo-castellucci\/#breadcrumb\"},\"inLanguage\":\"en-US\",\"potentialAction\":[{\"@type\":\"ReadAction\",\"target\":[\"https:\/\/adistancia.temporada-alta.com\/video\/caverna-romeo-castellucci\/\"]}]},{\"@type\":\"BreadcrumbList\",\"@id\":\"https:\/\/adistancia.temporada-alta.com\/video\/caverna-romeo-castellucci\/#breadcrumb\",\"itemListElement\":[{\"@type\":\"ListItem\",\"position\":1,\"name\":\"Home\",\"item\":\"https:\/\/adistancia.temporada-alta.com\/\"},{\"@type\":\"ListItem\",\"position\":2,\"name\":\"Videos\",\"item\":\"https:\/\/adistancia.temporada-alta.com\/cataleg\/\"},{\"@type\":\"ListItem\",\"position\":3,\"name\":\"La Caverna Vol. 2 Romeo Castellucci\"}]},{\"@type\":\"WebSite\",\"@id\":\"https:\/\/adistancia.temporada-alta.com\/#website\",\"url\":\"https:\/\/adistancia.temporada-alta.com\/\",\"name\":\"Temporada Alta - A dist\u00e0ncia\",\"description\":\"\",\"publisher\":{\"@id\":\"https:\/\/adistancia.temporada-alta.com\/#organization\"},\"potentialAction\":[{\"@type\":\"SearchAction\",\"target\":{\"@type\":\"EntryPoint\",\"urlTemplate\":\"https:\/\/adistancia.temporada-alta.com\/?s={search_term_string}\"},\"query-input\":\"required name=search_term_string\"}],\"inLanguage\":\"en-US\"},{\"@type\":\"Organization\",\"@id\":\"https:\/\/adistancia.temporada-alta.com\/#organization\",\"name\":\"Temporada alta\",\"url\":\"https:\/\/adistancia.temporada-alta.com\/\",\"sameAs\":[],\"logo\":{\"@type\":\"ImageObject\",\"inLanguage\":\"en-US\",\"@id\":\"https:\/\/adistancia.temporada-alta.com\/#\/schema\/logo\/image\/\",\"url\":\"https:\/\/adistancia.temporada-alta.com\/wp-content\/uploads\/2021\/08\/Logo-TA.png\",\"contentUrl\":\"https:\/\/adistancia.temporada-alta.com\/wp-content\/uploads\/2021\/08\/Logo-TA.png\",\"width\":500,\"height\":167,\"caption\":\"Temporada alta\"},\"image\":{\"@id\":\"https:\/\/adistancia.temporada-alta.com\/#\/schema\/logo\/image\/\"}}]}<\/script>\n<!-- \/ Yoast SEO plugin. -->","yoast_head_json":{"title":"La Caverna Vol. 2 Romeo Castellucci &gt; Temporada Alta - A dist\u00e0ncia","description":"Al cat\u00e0leg hi trobar\u00e0s una selecci\u00f3 de grans obres de teatre nacionals i internacionals que, en els darrers temps, han marcat el p\u00fablic, especialment el del festival. Un cat\u00e0leg de filmacions de muntatges teatrals en versi\u00f3 original de diversos directors i directores que han passat per Temporada Alta o que suposen fites en la seva traject\u00f2ria","robots":{"index":"index","follow":"follow","max-snippet":"max-snippet:-1","max-image-preview":"max-image-preview:large","max-video-preview":"max-video-preview:-1"},"canonical":"https:\/\/adistancia.temporada-alta.com\/en\/video\/caverna-romeo-castellucci\/","og_locale":"en_US","og_type":"article","og_title":"La Caverna Vol. 2 Romeo Castellucci &gt; Temporada Alta - A dist\u00e0ncia","og_description":"Al cat\u00e0leg hi trobar\u00e0s una selecci\u00f3 de grans obres de teatre nacionals i internacionals que, en els darrers temps, han marcat el p\u00fablic, especialment el del festival. Un cat\u00e0leg de filmacions de muntatges teatrals en versi\u00f3 original de diversos directors i directores que han passat per Temporada Alta o que suposen fites en la seva traject\u00f2ria","og_url":"https:\/\/adistancia.temporada-alta.com\/en\/video\/caverna-romeo-castellucci\/","og_site_name":"Temporada Alta - A dist\u00e0ncia","article_modified_time":"2024-01-16T09:29:20+00:00","og_image":[{"width":711,"height":400,"url":"https:\/\/adistancia.temporada-alta.com\/wp-content\/uploads\/2023\/06\/CAVERNA2_M.jpg","type":"image\/jpeg"}],"twitter_card":"summary_large_image","twitter_misc":{"Est. reading time":"1 minute"},"schema":{"@context":"https:\/\/schema.org","@graph":[{"@type":"WebPage","@id":"https:\/\/adistancia.temporada-alta.com\/video\/caverna-romeo-castellucci\/","url":"https:\/\/adistancia.temporada-alta.com\/video\/caverna-romeo-castellucci\/","name":"La Caverna Vol. 2 Romeo Castellucci &gt; Temporada Alta - A dist\u00e0ncia","isPartOf":{"@id":"https:\/\/adistancia.temporada-alta.com\/#website"},"datePublished":"2023-07-03T07:00:00+00:00","dateModified":"2024-01-16T09:29:20+00:00","description":"Al cat\u00e0leg hi trobar\u00e0s una selecci\u00f3 de grans obres de teatre nacionals i internacionals que, en els darrers temps, han marcat el p\u00fablic, especialment el del festival. Un cat\u00e0leg de filmacions de muntatges teatrals en versi\u00f3 original de diversos directors i directores que han passat per Temporada Alta o que suposen fites en la seva traject\u00f2ria","breadcrumb":{"@id":"https:\/\/adistancia.temporada-alta.com\/video\/caverna-romeo-castellucci\/#breadcrumb"},"inLanguage":"en-US","potentialAction":[{"@type":"ReadAction","target":["https:\/\/adistancia.temporada-alta.com\/video\/caverna-romeo-castellucci\/"]}]},{"@type":"BreadcrumbList","@id":"https:\/\/adistancia.temporada-alta.com\/video\/caverna-romeo-castellucci\/#breadcrumb","itemListElement":[{"@type":"ListItem","position":1,"name":"Home","item":"https:\/\/adistancia.temporada-alta.com\/"},{"@type":"ListItem","position":2,"name":"Videos","item":"https:\/\/adistancia.temporada-alta.com\/cataleg\/"},{"@type":"ListItem","position":3,"name":"La Caverna Vol. 2 Romeo Castellucci"}]},{"@type":"WebSite","@id":"https:\/\/adistancia.temporada-alta.com\/#website","url":"https:\/\/adistancia.temporada-alta.com\/","name":"High Season - Distance","description":"","publisher":{"@id":"https:\/\/adistancia.temporada-alta.com\/#organization"},"potentialAction":[{"@type":"SearchAction","target":{"@type":"EntryPoint","urlTemplate":"https:\/\/adistancia.temporada-alta.com\/?s={search_term_string}"},"query-input":"required name=search_term_string"}],"inLanguage":"en-US"},{"@type":"Organization","@id":"https:\/\/adistancia.temporada-alta.com\/#organization","name":"Temporada alta","url":"https:\/\/adistancia.temporada-alta.com\/","sameAs":[],"logo":{"@type":"ImageObject","inLanguage":"en-US","@id":"https:\/\/adistancia.temporada-alta.com\/#\/schema\/logo\/image\/","url":"https:\/\/adistancia.temporada-alta.com\/wp-content\/uploads\/2021\/08\/Logo-TA.png","contentUrl":"https:\/\/adistancia.temporada-alta.com\/wp-content\/uploads\/2021\/08\/Logo-TA.png","width":500,"height":167,"caption":"Temporada alta"},"image":{"@id":"https:\/\/adistancia.temporada-alta.com\/#\/schema\/logo\/image\/"}}]}},"_links":{"self":[{"href":"https:\/\/adistancia.temporada-alta.com\/en\/api\/wp\/v2\/video\/7560","targetHints":{"allow":["GET"]}}],"collection":[{"href":"https:\/\/adistancia.temporada-alta.com\/en\/api\/wp\/v2\/video"}],"about":[{"href":"https:\/\/adistancia.temporada-alta.com\/en\/api\/wp\/v2\/types\/video"}],"author":[{"embeddable":true,"href":"https:\/\/adistancia.temporada-alta.com\/en\/api\/wp\/v2\/users\/3486"}],"replies":[{"embeddable":true,"href":"https:\/\/adistancia.temporada-alta.com\/en\/api\/wp\/v2\/comments?post=7560"}],"wp:featuredmedia":[{"embeddable":true,"href":"https:\/\/adistancia.temporada-alta.com\/en\/api\/wp\/v2\/media\/7589"}],"wp:attachment":[{"href":"https:\/\/adistancia.temporada-alta.com\/en\/api\/wp\/v2\/media?parent=7560"}],"wp:term":[{"taxonomy":"video_cat","embeddable":true,"href":"https:\/\/adistancia.temporada-alta.com\/en\/api\/wp\/v2\/video_cat?post=7560"},{"taxonomy":"video_tag","embeddable":true,"href":"https:\/\/adistancia.temporada-alta.com\/en\/api\/wp\/v2\/video_tag?post=7560"}],"curies":[{"name":"wp","href":"https:\/\/api.w.org\/{rel}","templated":true}]}}

<!-- This site is optimized with the Yoast SEO plugin v19.6.1 - https://yoast.com/wordpress/plugins/seo/ -->
<title>La Caverna Vol. 2 Romeo Castellucci &gt; Temporada Alta - A distància</title>
<meta name="description" content="Al catàleg hi trobaràs una selecció de grans obres de teatre nacionals i internacionals que, en els darrers temps, han marcat el públic, especialment el del festival. Un catàleg de filmacions de muntatges teatrals en versió original de diversos directors i directores que han passat per Temporada Alta o que suposen fites en la seva trajectòria" />
<meta name="robots" content="index, follow, max-snippet:-1, max-image-preview:large, max-video-preview:-1" />
<link rel="canonical" href="https://adistancia.temporada-alta.com/en/video/caverna-romeo-castellucci/" />
<meta property="og:locale" content="en_US" />
<meta property="og:type" content="article" />
<meta property="og:title" content="La Caverna Vol. 2 Romeo Castellucci &gt; Temporada Alta - A distància" />
<meta property="og:description" content="Al catàleg hi trobaràs una selecció de grans obres de teatre nacionals i internacionals que, en els darrers temps, han marcat el públic, especialment el del festival. Un catàleg de filmacions de muntatges teatrals en versió original de diversos directors i directores que han passat per Temporada Alta o que suposen fites en la seva trajectòria" />
<meta property="og:url" content="https://adistancia.temporada-alta.com/en/video/caverna-romeo-castellucci/" />
<meta property="og:site_name" content="Temporada Alta - A distància" />
<meta property="article:modified_time" content="2024-01-16T09:29:20+00:00" />
<meta property="og:image" content="https://adistancia.temporada-alta.com/wp-content/uploads/2023/06/CAVERNA2_M.jpg" />
	<meta property="og:image:width" content="711" />
	<meta property="og:image:height" content="400" />
	<meta property="og:image:type" content="image/jpeg" />
<meta name="twitter:card" content="summary_large_image" />
<meta name="twitter:label1" content="Est. reading time" />
	<meta name="twitter:data1" content="1 minute" />
<script type="application/ld+json" class="yoast-schema-graph">{"@context":"https://schema.org","@graph":[{"@type":"WebPage","@id":"https://adistancia.temporada-alta.com/video/caverna-romeo-castellucci/","url":"https://adistancia.temporada-alta.com/video/caverna-romeo-castellucci/","name":"La Caverna Vol. 2 Romeo Castellucci &gt; Temporada Alta - A distància","isPartOf":{"@id":"https://adistancia.temporada-alta.com/#website"},"datePublished":"2023-07-03T07:00:00+00:00","dateModified":"2024-01-16T09:29:20+00:00","description":"Al catàleg hi trobaràs una selecció de grans obres de teatre nacionals i internacionals que, en els darrers temps, han marcat el públic, especialment el del festival. Un catàleg de filmacions de muntatges teatrals en versió original de diversos directors i directores que han passat per Temporada Alta o que suposen fites en la seva trajectòria","breadcrumb":{"@id":"https://adistancia.temporada-alta.com/video/caverna-romeo-castellucci/#breadcrumb"},"inLanguage":"en-US","potentialAction":[{"@type":"ReadAction","target":["https://adistancia.temporada-alta.com/video/caverna-romeo-castellucci/"]}]},{"@type":"BreadcrumbList","@id":"https://adistancia.temporada-alta.com/video/caverna-romeo-castellucci/#breadcrumb","itemListElement":[{"@type":"ListItem","position":1,"name":"Home","item":"https://adistancia.temporada-alta.com/"},{"@type":"ListItem","position":2,"name":"Videos","item":"https://adistancia.temporada-alta.com/cataleg/"},{"@type":"ListItem","position":3,"name":"La Caverna Vol. 2 Romeo Castellucci"}]},{"@type":"WebSite","@id":"https://adistancia.temporada-alta.com/#website","url":"https://adistancia.temporada-alta.com/","name":"Temporada Alta - A distància","description":"","publisher":{"@id":"https://adistancia.temporada-alta.com/#organization"},"potentialAction":[{"@type":"SearchAction","target":{"@type":"EntryPoint","urlTemplate":"https://adistancia.temporada-alta.com/?s={search_term_string}"},"query-input":"required name=search_term_string"}],"inLanguage":"en-US"},{"@type":"Organization","@id":"https://adistancia.temporada-alta.com/#organization","name":"Temporada alta","url":"https://adistancia.temporada-alta.com/","sameAs":[],"logo":{"@type":"ImageObject","inLanguage":"en-US","@id":"https://adistancia.temporada-alta.com/#/schema/logo/image/","url":"https://adistancia.temporada-alta.com/wp-content/uploads/2021/08/Logo-TA.png","contentUrl":"https://adistancia.temporada-alta.com/wp-content/uploads/2021/08/Logo-TA.png","width":500,"height":167,"caption":"Temporada alta"},"image":{"@id":"https://adistancia.temporada-alta.com/#/schema/logo/image/"}}]}</script>
<!-- / Yoast SEO plugin. -->

La Caverna Vol. 2 Romeo Castellucci &gt; Temporada Alta - A distància

Al catàleg hi trobaràs una selecció de grans obres de teatre nacionals i internacionals que, en els darrers temps, han marcat el públic, especialment el del festival. Un catàleg de filmacions de muntatges teatrals en versió original de diversos directors i directores que han passat per Temporada Alta o que suposen fites en la seva trajectòria

Temporada Alta - A distància
