{"id":7168,"date":"2022-10-14T11:29:12","date_gmt":"2022-10-14T09:29:12","guid":{"rendered":"https:\/\/adistancia.temporada-alta.com\/?post_type=video&#038;p=7168"},"modified":"2023-03-07T11:27:52","modified_gmt":"2023-03-07T10:27:52","slug":"3-extrema-dreta","status":"publish","type":"video","link":"https:\/\/adistancia.temporada-alta.com\/es\/video\/3-extrema-dreta\/","title":{"rendered":"#3 La extrema derecha a escena"},"content":{"rendered":"<p>Tercer episodio del P\u00f3dcast de Temporada Alta de Jofre Font y con la participaci\u00f3n de Merc\u00e8 Ar\u00e1nega, Miquel Gorriz, Christine Jatahy, Miquel Ramos y Pau Mir\u00f3.<br><br><br><\/p>\n\n\n\n<p>Una producci\u00f3n de<br><img loading=\"lazy\" decoding=\"async\" width=\"125\" height=\"42\" class=\"wp-image-6381\" style=\"width: 125px;\" src=\"https:\/\/adistancia.temporada-alta.com\/wp-content\/uploads\/2021\/08\/Logo-TA.png\" alt=\"\" srcset=\"https:\/\/adistancia.temporada-alta.com\/wp-content\/uploads\/2021\/08\/Logo-TA.png 500w, https:\/\/adistancia.temporada-alta.com\/wp-content\/uploads\/2021\/08\/Logo-TA-300x100.png 300w, https:\/\/adistancia.temporada-alta.com\/wp-content\/uploads\/2021\/08\/Logo-TA-16x5.png 16w, https:\/\/adistancia.temporada-alta.com\/wp-content\/uploads\/2021\/08\/Logo-TA-24x8.png 24w, https:\/\/adistancia.temporada-alta.com\/wp-content\/uploads\/2021\/08\/Logo-TA-36x12.png 36w, https:\/\/adistancia.temporada-alta.com\/wp-content\/uploads\/2021\/08\/Logo-TA-48x16.png 48w\" sizes=\"auto, (max-width: 125px) 100vw, 125px\" \/><\/p>\n\n\n\n<p>Con<br><strong>Jofre Font<\/strong>,<strong> Nieves Molina<\/strong>,<strong> Gema Moraleda<\/strong>, <strong>Xavi Pardo<\/strong>,<strong> Oriol Puig Taul\u00e9<\/strong> y <strong>Laura Serra<\/strong><\/p>","protected":false},"excerpt":{"rendered":"<p>El auge de la extrema derecha es un fen\u00f3meno a nivel mundial. En el continente europeo se est\u00e1 manifestando desde con agresiones a varios colectivos por parte de sus facciones violentas, hasta resultados electorales que incluso han llevado a la presidencia de los partidos ultras de pa\u00edses con tanto peso en la Uni\u00f3n Europea como Italia. \u00bfC\u00f3mo se traslada esta realidad a los escenarios teatrales? \u00bfDe qu\u00e9 forma debe responderse desde la creaci\u00f3n actual? \u00bfC\u00f3mo se preserva la democracia? \u00bfEl posicionamiento antifexista es cosa de todos los dem\u00f3cratas? Hablamos de ello en este episodio que pretende superar los discursos del odio.<\/p>","protected":false},"author":3486,"featured_media":7341,"comment_status":"closed","ping_status":"closed","template":"","meta":{"_expiration-date-status":"","_expiration-date":0,"_expiration-date-type":"","_expiration-date-categories":[],"_expiration-date-options":[]},"video_cat":[182],"video_tag":[185],"class_list":["post-7168","video","type-video","status-publish","has-post-thumbnail","hentry","video_cat-podcast-ta","video_tag-ta22"],"acf":[],"yoast_head":"<!-- This site is optimized with the Yoast SEO plugin v19.6.1 - https:\/\/yoast.com\/wordpress\/plugins\/seo\/ -->\n<title>#3 L&#039;extrema dreta a escena &gt; Temporada Alta - A dist\u00e0ncia<\/title>\n<meta name=\"description\" content=\"Al cat\u00e0leg hi trobar\u00e0s una selecci\u00f3 de grans obres de teatre nacionals i internacionals que, en els darrers temps, han marcat el p\u00fablic, especialment el del festival. Un cat\u00e0leg de filmacions de muntatges teatrals en versi\u00f3 original de diversos directors i directores que han passat per Temporada Alta o que suposen fites en la seva traject\u00f2ria\" \/>\n<meta name=\"robots\" content=\"index, follow, max-snippet:-1, max-image-preview:large, max-video-preview:-1\" \/>\n<link rel=\"canonical\" href=\"https:\/\/adistancia.temporada-alta.com\/es\/video\/3-extrema-dreta\/\" \/>\n<meta property=\"og:locale\" content=\"es_ES\" \/>\n<meta property=\"og:type\" content=\"article\" \/>\n<meta property=\"og:title\" content=\"#3 L&#039;extrema dreta a escena &gt; Temporada Alta - A dist\u00e0ncia\" \/>\n<meta property=\"og:description\" content=\"Al cat\u00e0leg hi trobar\u00e0s una selecci\u00f3 de grans obres de teatre nacionals i internacionals que, en els darrers temps, han marcat el p\u00fablic, especialment el del festival. Un cat\u00e0leg de filmacions de muntatges teatrals en versi\u00f3 original de diversos directors i directores que han passat per Temporada Alta o que suposen fites en la seva traject\u00f2ria\" \/>\n<meta property=\"og:url\" content=\"https:\/\/adistancia.temporada-alta.com\/es\/video\/3-extrema-dreta\/\" \/>\n<meta property=\"og:site_name\" content=\"Temporada Alta - A dist\u00e0ncia\" \/>\n<meta property=\"article:modified_time\" content=\"2023-03-07T10:27:52+00:00\" \/>\n<meta property=\"og:image\" content=\"https:\/\/adistancia.temporada-alta.com\/wp-content\/uploads\/2023\/02\/P3_M.jpg\" \/>\n\t<meta property=\"og:image:width\" content=\"700\" \/>\n\t<meta property=\"og:image:height\" content=\"394\" \/>\n\t<meta property=\"og:image:type\" content=\"image\/jpeg\" \/>\n<meta name=\"twitter:card\" content=\"summary_large_image\" \/>\n<meta name=\"twitter:label1\" content=\"Est. reading time\" \/>\n\t<meta name=\"twitter:data1\" content=\"1 minute\" \/>\n<script type=\"application\/ld+json\" class=\"yoast-schema-graph\">{\"@context\":\"https:\/\/schema.org\",\"@graph\":[{\"@type\":\"WebPage\",\"@id\":\"https:\/\/adistancia.temporada-alta.com\/video\/3-extrema-dreta\/\",\"url\":\"https:\/\/adistancia.temporada-alta.com\/video\/3-extrema-dreta\/\",\"name\":\"#3 L'extrema dreta a escena &gt; Temporada Alta - A dist\u00e0ncia\",\"isPartOf\":{\"@id\":\"https:\/\/adistancia.temporada-alta.com\/#website\"},\"datePublished\":\"2022-10-14T09:29:12+00:00\",\"dateModified\":\"2023-03-07T10:27:52+00:00\",\"description\":\"Al cat\u00e0leg hi trobar\u00e0s una selecci\u00f3 de grans obres de teatre nacionals i internacionals que, en els darrers temps, han marcat el p\u00fablic, especialment el del festival. Un cat\u00e0leg de filmacions de muntatges teatrals en versi\u00f3 original de diversos directors i directores que han passat per Temporada Alta o que suposen fites en la seva traject\u00f2ria\",\"breadcrumb\":{\"@id\":\"https:\/\/adistancia.temporada-alta.com\/video\/3-extrema-dreta\/#breadcrumb\"},\"inLanguage\":\"es-ES\",\"potentialAction\":[{\"@type\":\"ReadAction\",\"target\":[\"https:\/\/adistancia.temporada-alta.com\/video\/3-extrema-dreta\/\"]}]},{\"@type\":\"BreadcrumbList\",\"@id\":\"https:\/\/adistancia.temporada-alta.com\/video\/3-extrema-dreta\/#breadcrumb\",\"itemListElement\":[{\"@type\":\"ListItem\",\"position\":1,\"name\":\"Home\",\"item\":\"https:\/\/adistancia.temporada-alta.com\/\"},{\"@type\":\"ListItem\",\"position\":2,\"name\":\"Videos\",\"item\":\"https:\/\/adistancia.temporada-alta.com\/cataleg\/\"},{\"@type\":\"ListItem\",\"position\":3,\"name\":\"#3 L&#8217;extrema dreta a escena\"}]},{\"@type\":\"WebSite\",\"@id\":\"https:\/\/adistancia.temporada-alta.com\/#website\",\"url\":\"https:\/\/adistancia.temporada-alta.com\/\",\"name\":\"Temporada Alta - A dist\u00e0ncia\",\"description\":\"\",\"publisher\":{\"@id\":\"https:\/\/adistancia.temporada-alta.com\/#organization\"},\"potentialAction\":[{\"@type\":\"SearchAction\",\"target\":{\"@type\":\"EntryPoint\",\"urlTemplate\":\"https:\/\/adistancia.temporada-alta.com\/?s={search_term_string}\"},\"query-input\":\"required name=search_term_string\"}],\"inLanguage\":\"es-ES\"},{\"@type\":\"Organization\",\"@id\":\"https:\/\/adistancia.temporada-alta.com\/#organization\",\"name\":\"Temporada alta\",\"url\":\"https:\/\/adistancia.temporada-alta.com\/\",\"sameAs\":[],\"logo\":{\"@type\":\"ImageObject\",\"inLanguage\":\"es-ES\",\"@id\":\"https:\/\/adistancia.temporada-alta.com\/#\/schema\/logo\/image\/\",\"url\":\"https:\/\/adistancia.temporada-alta.com\/wp-content\/uploads\/2021\/08\/Logo-TA.png\",\"contentUrl\":\"https:\/\/adistancia.temporada-alta.com\/wp-content\/uploads\/2021\/08\/Logo-TA.png\",\"width\":500,\"height\":167,\"caption\":\"Temporada alta\"},\"image\":{\"@id\":\"https:\/\/adistancia.temporada-alta.com\/#\/schema\/logo\/image\/\"}}]}<\/script>\n<!-- \/ Yoast SEO plugin. -->","yoast_head_json":{"title":"#3 L'extrema dreta a escena &gt; Temporada Alta - A dist\u00e0ncia","description":"Al cat\u00e0leg hi trobar\u00e0s una selecci\u00f3 de grans obres de teatre nacionals i internacionals que, en els darrers temps, han marcat el p\u00fablic, especialment el del festival. Un cat\u00e0leg de filmacions de muntatges teatrals en versi\u00f3 original de diversos directors i directores que han passat per Temporada Alta o que suposen fites en la seva traject\u00f2ria","robots":{"index":"index","follow":"follow","max-snippet":"max-snippet:-1","max-image-preview":"max-image-preview:large","max-video-preview":"max-video-preview:-1"},"canonical":"https:\/\/adistancia.temporada-alta.com\/es\/video\/3-extrema-dreta\/","og_locale":"es_ES","og_type":"article","og_title":"#3 L'extrema dreta a escena &gt; Temporada Alta - A dist\u00e0ncia","og_description":"Al cat\u00e0leg hi trobar\u00e0s una selecci\u00f3 de grans obres de teatre nacionals i internacionals que, en els darrers temps, han marcat el p\u00fablic, especialment el del festival. Un cat\u00e0leg de filmacions de muntatges teatrals en versi\u00f3 original de diversos directors i directores que han passat per Temporada Alta o que suposen fites en la seva traject\u00f2ria","og_url":"https:\/\/adistancia.temporada-alta.com\/es\/video\/3-extrema-dreta\/","og_site_name":"Temporada Alta - A dist\u00e0ncia","article_modified_time":"2023-03-07T10:27:52+00:00","og_image":[{"width":700,"height":394,"url":"https:\/\/adistancia.temporada-alta.com\/wp-content\/uploads\/2023\/02\/P3_M.jpg","type":"image\/jpeg"}],"twitter_card":"summary_large_image","twitter_misc":{"Est. reading time":"1 minute"},"schema":{"@context":"https:\/\/schema.org","@graph":[{"@type":"WebPage","@id":"https:\/\/adistancia.temporada-alta.com\/video\/3-extrema-dreta\/","url":"https:\/\/adistancia.temporada-alta.com\/video\/3-extrema-dreta\/","name":"#3 L'extrema dreta a escena &gt; Temporada Alta - A dist\u00e0ncia","isPartOf":{"@id":"https:\/\/adistancia.temporada-alta.com\/#website"},"datePublished":"2022-10-14T09:29:12+00:00","dateModified":"2023-03-07T10:27:52+00:00","description":"Al cat\u00e0leg hi trobar\u00e0s una selecci\u00f3 de grans obres de teatre nacionals i internacionals que, en els darrers temps, han marcat el p\u00fablic, especialment el del festival. Un cat\u00e0leg de filmacions de muntatges teatrals en versi\u00f3 original de diversos directors i directores que han passat per Temporada Alta o que suposen fites en la seva traject\u00f2ria","breadcrumb":{"@id":"https:\/\/adistancia.temporada-alta.com\/video\/3-extrema-dreta\/#breadcrumb"},"inLanguage":"es-ES","potentialAction":[{"@type":"ReadAction","target":["https:\/\/adistancia.temporada-alta.com\/video\/3-extrema-dreta\/"]}]},{"@type":"BreadcrumbList","@id":"https:\/\/adistancia.temporada-alta.com\/video\/3-extrema-dreta\/#breadcrumb","itemListElement":[{"@type":"ListItem","position":1,"name":"Home","item":"https:\/\/adistancia.temporada-alta.com\/"},{"@type":"ListItem","position":2,"name":"Videos","item":"https:\/\/adistancia.temporada-alta.com\/cataleg\/"},{"@type":"ListItem","position":3,"name":"#3 L&#8217;extrema dreta a escena"}]},{"@type":"WebSite","@id":"https:\/\/adistancia.temporada-alta.com\/#website","url":"https:\/\/adistancia.temporada-alta.com\/","name":"Temporada Alta - A distancia","description":"","publisher":{"@id":"https:\/\/adistancia.temporada-alta.com\/#organization"},"potentialAction":[{"@type":"SearchAction","target":{"@type":"EntryPoint","urlTemplate":"https:\/\/adistancia.temporada-alta.com\/?s={search_term_string}"},"query-input":"required name=search_term_string"}],"inLanguage":"es-ES"},{"@type":"Organization","@id":"https:\/\/adistancia.temporada-alta.com\/#organization","name":"Temporada alta","url":"https:\/\/adistancia.temporada-alta.com\/","sameAs":[],"logo":{"@type":"ImageObject","inLanguage":"es-ES","@id":"https:\/\/adistancia.temporada-alta.com\/#\/schema\/logo\/image\/","url":"https:\/\/adistancia.temporada-alta.com\/wp-content\/uploads\/2021\/08\/Logo-TA.png","contentUrl":"https:\/\/adistancia.temporada-alta.com\/wp-content\/uploads\/2021\/08\/Logo-TA.png","width":500,"height":167,"caption":"Temporada alta"},"image":{"@id":"https:\/\/adistancia.temporada-alta.com\/#\/schema\/logo\/image\/"}}]}},"_links":{"self":[{"href":"https:\/\/adistancia.temporada-alta.com\/es\/api\/wp\/v2\/video\/7168","targetHints":{"allow":["GET"]}}],"collection":[{"href":"https:\/\/adistancia.temporada-alta.com\/es\/api\/wp\/v2\/video"}],"about":[{"href":"https:\/\/adistancia.temporada-alta.com\/es\/api\/wp\/v2\/types\/video"}],"author":[{"embeddable":true,"href":"https:\/\/adistancia.temporada-alta.com\/es\/api\/wp\/v2\/users\/3486"}],"replies":[{"embeddable":true,"href":"https:\/\/adistancia.temporada-alta.com\/es\/api\/wp\/v2\/comments?post=7168"}],"wp:featuredmedia":[{"embeddable":true,"href":"https:\/\/adistancia.temporada-alta.com\/es\/api\/wp\/v2\/media\/7341"}],"wp:attachment":[{"href":"https:\/\/adistancia.temporada-alta.com\/es\/api\/wp\/v2\/media?parent=7168"}],"wp:term":[{"taxonomy":"video_cat","embeddable":true,"href":"https:\/\/adistancia.temporada-alta.com\/es\/api\/wp\/v2\/video_cat?post=7168"},{"taxonomy":"video_tag","embeddable":true,"href":"https:\/\/adistancia.temporada-alta.com\/es\/api\/wp\/v2\/video_tag?post=7168"}],"curies":[{"name":"wp","href":"https:\/\/api.w.org\/{rel}","templated":true}]}}

<p>Tercer episodio del Pódcast de Temporada Alta de Jofre Font y con la participación de Mercè Aránega, Miquel Gorriz, Christine Jatahy, Miquel Ramos y Pau Miró.<br><br><br></p>



<p>Una producción de<br><img loading="lazy" decoding="async" width="125" height="42" class="wp-image-6381" style="width: 125px;" src="https://adistancia.temporada-alta.com/wp-content/uploads/2021/08/Logo-TA.png" alt="" srcset="https://adistancia.temporada-alta.com/wp-content/uploads/2021/08/Logo-TA.png 500w, https://adistancia.temporada-alta.com/wp-content/uploads/2021/08/Logo-TA-300x100.png 300w, https://adistancia.temporada-alta.com/wp-content/uploads/2021/08/Logo-TA-16x5.png 16w, https://adistancia.temporada-alta.com/wp-content/uploads/2021/08/Logo-TA-24x8.png 24w, https://adistancia.temporada-alta.com/wp-content/uploads/2021/08/Logo-TA-36x12.png 36w, https://adistancia.temporada-alta.com/wp-content/uploads/2021/08/Logo-TA-48x16.png 48w" sizes="auto, (max-width: 125px) 100vw, 125px" /></p>



<p>Con<br><strong>Jofre Font</strong>,<strong> Nieves Molina</strong>,<strong> Gema Moraleda</strong>, <strong>Xavi Pardo</strong>,<strong> Oriol Puig Taulé</strong> y <strong>Laura Serra</strong></p>

<p>El auge de la extrema derecha es un fenómeno a nivel mundial. En el continente europeo se está manifestando desde con agresiones a varios colectivos por parte de sus facciones violentas, hasta resultados electorales que incluso han llevado a la presidencia de los partidos ultras de países con tanto peso en la Unión Europea como Italia. ¿Cómo se traslada esta realidad a los escenarios teatrales? ¿De qué forma debe responderse desde la creación actual? ¿Cómo se preserva la democracia? ¿El posicionamiento antifexista es cosa de todos los demócratas? Hablamos de ello en este episodio que pretende superar los discursos del odio.</p>

<!-- This site is optimized with the Yoast SEO plugin v19.6.1 - https://yoast.com/wordpress/plugins/seo/ -->
<title>#3 L&#039;extrema dreta a escena &gt; Temporada Alta - A distància</title>
<meta name="description" content="Al catàleg hi trobaràs una selecció de grans obres de teatre nacionals i internacionals que, en els darrers temps, han marcat el públic, especialment el del festival. Un catàleg de filmacions de muntatges teatrals en versió original de diversos directors i directores que han passat per Temporada Alta o que suposen fites en la seva trajectòria" />
<meta name="robots" content="index, follow, max-snippet:-1, max-image-preview:large, max-video-preview:-1" />
<link rel="canonical" href="https://adistancia.temporada-alta.com/es/video/3-extrema-dreta/" />
<meta property="og:locale" content="es_ES" />
<meta property="og:type" content="article" />
<meta property="og:title" content="#3 L&#039;extrema dreta a escena &gt; Temporada Alta - A distància" />
<meta property="og:description" content="Al catàleg hi trobaràs una selecció de grans obres de teatre nacionals i internacionals que, en els darrers temps, han marcat el públic, especialment el del festival. Un catàleg de filmacions de muntatges teatrals en versió original de diversos directors i directores que han passat per Temporada Alta o que suposen fites en la seva trajectòria" />
<meta property="og:url" content="https://adistancia.temporada-alta.com/es/video/3-extrema-dreta/" />
<meta property="og:site_name" content="Temporada Alta - A distància" />
<meta property="article:modified_time" content="2023-03-07T10:27:52+00:00" />
<meta property="og:image" content="https://adistancia.temporada-alta.com/wp-content/uploads/2023/02/P3_M.jpg" />
	<meta property="og:image:width" content="700" />
	<meta property="og:image:height" content="394" />
	<meta property="og:image:type" content="image/jpeg" />
<meta name="twitter:card" content="summary_large_image" />
<meta name="twitter:label1" content="Est. reading time" />
	<meta name="twitter:data1" content="1 minute" />
<script type="application/ld+json" class="yoast-schema-graph">{"@context":"https://schema.org","@graph":[{"@type":"WebPage","@id":"https://adistancia.temporada-alta.com/video/3-extrema-dreta/","url":"https://adistancia.temporada-alta.com/video/3-extrema-dreta/","name":"#3 L'extrema dreta a escena &gt; Temporada Alta - A distància","isPartOf":{"@id":"https://adistancia.temporada-alta.com/#website"},"datePublished":"2022-10-14T09:29:12+00:00","dateModified":"2023-03-07T10:27:52+00:00","description":"Al catàleg hi trobaràs una selecció de grans obres de teatre nacionals i internacionals que, en els darrers temps, han marcat el públic, especialment el del festival. Un catàleg de filmacions de muntatges teatrals en versió original de diversos directors i directores que han passat per Temporada Alta o que suposen fites en la seva trajectòria","breadcrumb":{"@id":"https://adistancia.temporada-alta.com/video/3-extrema-dreta/#breadcrumb"},"inLanguage":"es-ES","potentialAction":[{"@type":"ReadAction","target":["https://adistancia.temporada-alta.com/video/3-extrema-dreta/"]}]},{"@type":"BreadcrumbList","@id":"https://adistancia.temporada-alta.com/video/3-extrema-dreta/#breadcrumb","itemListElement":[{"@type":"ListItem","position":1,"name":"Home","item":"https://adistancia.temporada-alta.com/"},{"@type":"ListItem","position":2,"name":"Videos","item":"https://adistancia.temporada-alta.com/cataleg/"},{"@type":"ListItem","position":3,"name":"#3 L&#8217;extrema dreta a escena"}]},{"@type":"WebSite","@id":"https://adistancia.temporada-alta.com/#website","url":"https://adistancia.temporada-alta.com/","name":"Temporada Alta - A distància","description":"","publisher":{"@id":"https://adistancia.temporada-alta.com/#organization"},"potentialAction":[{"@type":"SearchAction","target":{"@type":"EntryPoint","urlTemplate":"https://adistancia.temporada-alta.com/?s={search_term_string}"},"query-input":"required name=search_term_string"}],"inLanguage":"es-ES"},{"@type":"Organization","@id":"https://adistancia.temporada-alta.com/#organization","name":"Temporada alta","url":"https://adistancia.temporada-alta.com/","sameAs":[],"logo":{"@type":"ImageObject","inLanguage":"es-ES","@id":"https://adistancia.temporada-alta.com/#/schema/logo/image/","url":"https://adistancia.temporada-alta.com/wp-content/uploads/2021/08/Logo-TA.png","contentUrl":"https://adistancia.temporada-alta.com/wp-content/uploads/2021/08/Logo-TA.png","width":500,"height":167,"caption":"Temporada alta"},"image":{"@id":"https://adistancia.temporada-alta.com/#/schema/logo/image/"}}]}</script>
<!-- / Yoast SEO plugin. -->

#3 L'extrema dreta a escena &gt; Temporada Alta - A distància

Al catàleg hi trobaràs una selecció de grans obres de teatre nacionals i internacionals que, en els darrers temps, han marcat el públic, especialment el del festival. Un catàleg de filmacions de muntatges teatrals en versió original de diversos directors i directores que han passat per Temporada Alta o que suposen fites en la seva trajectòria

Temporada Alta - A distància
