{"id":7185,"date":"2022-10-14T13:55:39","date_gmt":"2022-10-14T11:55:39","guid":{"rendered":"https:\/\/adistancia.temporada-alta.com\/?post_type=video&#038;p=7185"},"modified":"2023-03-07T11:27:31","modified_gmt":"2023-03-07T10:27:31","slug":"6-lorca-sempre-vigent","status":"publish","type":"video","link":"https:\/\/adistancia.temporada-alta.com\/es\/video\/6-lorca-sempre-vigent\/","title":{"rendered":"#6 Lorca, siempre vigente"},"content":{"rendered":"<p>El sexto episodio del P\u00f3dcast de Temporada Alta de Neus Molina y Gema Moraleda y con la participaci\u00f3n de Salvador S. S\u00e1nchez, Paula Errando y Julia Barcel\u00f3.<br><br><br><\/p>\n\n\n\n<p>Una producci\u00f3n de<br><img loading=\"lazy\" decoding=\"async\" width=\"125\" height=\"42\" class=\"wp-image-6381\" style=\"width: 125px;\" src=\"https:\/\/adistancia.temporada-alta.com\/wp-content\/uploads\/2021\/08\/Logo-TA.png\" alt=\"\" srcset=\"https:\/\/adistancia.temporada-alta.com\/wp-content\/uploads\/2021\/08\/Logo-TA.png 500w, https:\/\/adistancia.temporada-alta.com\/wp-content\/uploads\/2021\/08\/Logo-TA-300x100.png 300w, https:\/\/adistancia.temporada-alta.com\/wp-content\/uploads\/2021\/08\/Logo-TA-16x5.png 16w, https:\/\/adistancia.temporada-alta.com\/wp-content\/uploads\/2021\/08\/Logo-TA-24x8.png 24w, https:\/\/adistancia.temporada-alta.com\/wp-content\/uploads\/2021\/08\/Logo-TA-36x12.png 36w, https:\/\/adistancia.temporada-alta.com\/wp-content\/uploads\/2021\/08\/Logo-TA-48x16.png 48w\" sizes=\"auto, (max-width: 125px) 100vw, 125px\" \/><\/p>\n\n\n\n<p>Con<br><strong>Jofre Font<\/strong>,<strong> Nieves Molina<\/strong>,<strong> Gema Moraleda<\/strong>, <strong>Xavi Pardo<\/strong>,<strong> Oriol Puig Taul\u00e9<\/strong> y <strong>Laura Serra<\/strong><\/p>","protected":false},"excerpt":{"rendered":"<p>En pleno siglo XXI, no pasa a\u00f1o en que las obras de Federico Garc\u00eda Lorca no pisen nuestros escenarios, siempre con \u00e9xito de p\u00fablico y siempre con esa vigencia que s\u00f3lo alcanzan los aut\u00e9nticos cl\u00e1sicos. \u00bfPor qu\u00e9 las palabras de Federico nos suenan todav\u00eda hoy tan cercanas? \u00bfQu\u00e9 le hizo tan popular? \u00bfQu\u00e9 pensar\u00eda de las lecturas y adaptaciones que se hacen hoy en d\u00eda de su obra? \u00bfY de los problemas de acceso a la cultura que \u00e9l ya denunciaba y que todav\u00eda sufrimos?<\/p>","protected":false},"author":3486,"featured_media":7347,"comment_status":"closed","ping_status":"closed","template":"","meta":{"_expiration-date-status":"","_expiration-date":0,"_expiration-date-type":"","_expiration-date-categories":[],"_expiration-date-options":[]},"video_cat":[182],"video_tag":[185],"class_list":["post-7185","video","type-video","status-publish","has-post-thumbnail","hentry","video_cat-podcast-ta","video_tag-ta22"],"acf":[],"yoast_head":"<!-- This site is optimized with the Yoast SEO plugin v19.6.1 - https:\/\/yoast.com\/wordpress\/plugins\/seo\/ -->\n<title>#6 Lorca, sempre vigent &gt; Temporada Alta - A dist\u00e0ncia<\/title>\n<meta name=\"description\" content=\"Al cat\u00e0leg hi trobar\u00e0s una selecci\u00f3 de grans obres de teatre nacionals i internacionals que, en els darrers temps, han marcat el p\u00fablic, especialment el del festival. Un cat\u00e0leg de filmacions de muntatges teatrals en versi\u00f3 original de diversos directors i directores que han passat per Temporada Alta o que suposen fites en la seva traject\u00f2ria\" \/>\n<meta name=\"robots\" content=\"index, follow, max-snippet:-1, max-image-preview:large, max-video-preview:-1\" \/>\n<link rel=\"canonical\" href=\"https:\/\/adistancia.temporada-alta.com\/es\/video\/6-lorca-sempre-vigent\/\" \/>\n<meta property=\"og:locale\" content=\"es_ES\" \/>\n<meta property=\"og:type\" content=\"article\" \/>\n<meta property=\"og:title\" content=\"#6 Lorca, sempre vigent &gt; Temporada Alta - A dist\u00e0ncia\" \/>\n<meta property=\"og:description\" content=\"Al cat\u00e0leg hi trobar\u00e0s una selecci\u00f3 de grans obres de teatre nacionals i internacionals que, en els darrers temps, han marcat el p\u00fablic, especialment el del festival. Un cat\u00e0leg de filmacions de muntatges teatrals en versi\u00f3 original de diversos directors i directores que han passat per Temporada Alta o que suposen fites en la seva traject\u00f2ria\" \/>\n<meta property=\"og:url\" content=\"https:\/\/adistancia.temporada-alta.com\/es\/video\/6-lorca-sempre-vigent\/\" \/>\n<meta property=\"og:site_name\" content=\"Temporada Alta - A dist\u00e0ncia\" \/>\n<meta property=\"article:modified_time\" content=\"2023-03-07T10:27:31+00:00\" \/>\n<meta property=\"og:image\" content=\"https:\/\/adistancia.temporada-alta.com\/wp-content\/uploads\/2023\/02\/P6_M.jpg\" \/>\n\t<meta property=\"og:image:width\" content=\"700\" \/>\n\t<meta property=\"og:image:height\" content=\"394\" \/>\n\t<meta property=\"og:image:type\" content=\"image\/jpeg\" \/>\n<meta name=\"twitter:card\" content=\"summary_large_image\" \/>\n<meta name=\"twitter:label1\" content=\"Est. reading time\" \/>\n\t<meta name=\"twitter:data1\" content=\"1 minute\" \/>\n<script type=\"application\/ld+json\" class=\"yoast-schema-graph\">{\"@context\":\"https:\/\/schema.org\",\"@graph\":[{\"@type\":\"WebPage\",\"@id\":\"https:\/\/adistancia.temporada-alta.com\/video\/6-lorca-sempre-vigent\/\",\"url\":\"https:\/\/adistancia.temporada-alta.com\/video\/6-lorca-sempre-vigent\/\",\"name\":\"#6 Lorca, sempre vigent &gt; Temporada Alta - A dist\u00e0ncia\",\"isPartOf\":{\"@id\":\"https:\/\/adistancia.temporada-alta.com\/#website\"},\"datePublished\":\"2022-10-14T11:55:39+00:00\",\"dateModified\":\"2023-03-07T10:27:31+00:00\",\"description\":\"Al cat\u00e0leg hi trobar\u00e0s una selecci\u00f3 de grans obres de teatre nacionals i internacionals que, en els darrers temps, han marcat el p\u00fablic, especialment el del festival. Un cat\u00e0leg de filmacions de muntatges teatrals en versi\u00f3 original de diversos directors i directores que han passat per Temporada Alta o que suposen fites en la seva traject\u00f2ria\",\"breadcrumb\":{\"@id\":\"https:\/\/adistancia.temporada-alta.com\/video\/6-lorca-sempre-vigent\/#breadcrumb\"},\"inLanguage\":\"es-ES\",\"potentialAction\":[{\"@type\":\"ReadAction\",\"target\":[\"https:\/\/adistancia.temporada-alta.com\/video\/6-lorca-sempre-vigent\/\"]}]},{\"@type\":\"BreadcrumbList\",\"@id\":\"https:\/\/adistancia.temporada-alta.com\/video\/6-lorca-sempre-vigent\/#breadcrumb\",\"itemListElement\":[{\"@type\":\"ListItem\",\"position\":1,\"name\":\"Home\",\"item\":\"https:\/\/adistancia.temporada-alta.com\/\"},{\"@type\":\"ListItem\",\"position\":2,\"name\":\"Videos\",\"item\":\"https:\/\/adistancia.temporada-alta.com\/cataleg\/\"},{\"@type\":\"ListItem\",\"position\":3,\"name\":\"#6 Lorca, sempre vigent\"}]},{\"@type\":\"WebSite\",\"@id\":\"https:\/\/adistancia.temporada-alta.com\/#website\",\"url\":\"https:\/\/adistancia.temporada-alta.com\/\",\"name\":\"Temporada Alta - A dist\u00e0ncia\",\"description\":\"\",\"publisher\":{\"@id\":\"https:\/\/adistancia.temporada-alta.com\/#organization\"},\"potentialAction\":[{\"@type\":\"SearchAction\",\"target\":{\"@type\":\"EntryPoint\",\"urlTemplate\":\"https:\/\/adistancia.temporada-alta.com\/?s={search_term_string}\"},\"query-input\":\"required name=search_term_string\"}],\"inLanguage\":\"es-ES\"},{\"@type\":\"Organization\",\"@id\":\"https:\/\/adistancia.temporada-alta.com\/#organization\",\"name\":\"Temporada alta\",\"url\":\"https:\/\/adistancia.temporada-alta.com\/\",\"sameAs\":[],\"logo\":{\"@type\":\"ImageObject\",\"inLanguage\":\"es-ES\",\"@id\":\"https:\/\/adistancia.temporada-alta.com\/#\/schema\/logo\/image\/\",\"url\":\"https:\/\/adistancia.temporada-alta.com\/wp-content\/uploads\/2021\/08\/Logo-TA.png\",\"contentUrl\":\"https:\/\/adistancia.temporada-alta.com\/wp-content\/uploads\/2021\/08\/Logo-TA.png\",\"width\":500,\"height\":167,\"caption\":\"Temporada alta\"},\"image\":{\"@id\":\"https:\/\/adistancia.temporada-alta.com\/#\/schema\/logo\/image\/\"}}]}<\/script>\n<!-- \/ Yoast SEO plugin. -->","yoast_head_json":{"title":"#6 Lorca, sempre vigent &gt; Temporada Alta - A dist\u00e0ncia","description":"Al cat\u00e0leg hi trobar\u00e0s una selecci\u00f3 de grans obres de teatre nacionals i internacionals que, en els darrers temps, han marcat el p\u00fablic, especialment el del festival. Un cat\u00e0leg de filmacions de muntatges teatrals en versi\u00f3 original de diversos directors i directores que han passat per Temporada Alta o que suposen fites en la seva traject\u00f2ria","robots":{"index":"index","follow":"follow","max-snippet":"max-snippet:-1","max-image-preview":"max-image-preview:large","max-video-preview":"max-video-preview:-1"},"canonical":"https:\/\/adistancia.temporada-alta.com\/es\/video\/6-lorca-sempre-vigent\/","og_locale":"es_ES","og_type":"article","og_title":"#6 Lorca, sempre vigent &gt; Temporada Alta - A dist\u00e0ncia","og_description":"Al cat\u00e0leg hi trobar\u00e0s una selecci\u00f3 de grans obres de teatre nacionals i internacionals que, en els darrers temps, han marcat el p\u00fablic, especialment el del festival. Un cat\u00e0leg de filmacions de muntatges teatrals en versi\u00f3 original de diversos directors i directores que han passat per Temporada Alta o que suposen fites en la seva traject\u00f2ria","og_url":"https:\/\/adistancia.temporada-alta.com\/es\/video\/6-lorca-sempre-vigent\/","og_site_name":"Temporada Alta - A dist\u00e0ncia","article_modified_time":"2023-03-07T10:27:31+00:00","og_image":[{"width":700,"height":394,"url":"https:\/\/adistancia.temporada-alta.com\/wp-content\/uploads\/2023\/02\/P6_M.jpg","type":"image\/jpeg"}],"twitter_card":"summary_large_image","twitter_misc":{"Est. reading time":"1 minute"},"schema":{"@context":"https:\/\/schema.org","@graph":[{"@type":"WebPage","@id":"https:\/\/adistancia.temporada-alta.com\/video\/6-lorca-sempre-vigent\/","url":"https:\/\/adistancia.temporada-alta.com\/video\/6-lorca-sempre-vigent\/","name":"#6 Lorca, sempre vigent &gt; Temporada Alta - A dist\u00e0ncia","isPartOf":{"@id":"https:\/\/adistancia.temporada-alta.com\/#website"},"datePublished":"2022-10-14T11:55:39+00:00","dateModified":"2023-03-07T10:27:31+00:00","description":"Al cat\u00e0leg hi trobar\u00e0s una selecci\u00f3 de grans obres de teatre nacionals i internacionals que, en els darrers temps, han marcat el p\u00fablic, especialment el del festival. Un cat\u00e0leg de filmacions de muntatges teatrals en versi\u00f3 original de diversos directors i directores que han passat per Temporada Alta o que suposen fites en la seva traject\u00f2ria","breadcrumb":{"@id":"https:\/\/adistancia.temporada-alta.com\/video\/6-lorca-sempre-vigent\/#breadcrumb"},"inLanguage":"es-ES","potentialAction":[{"@type":"ReadAction","target":["https:\/\/adistancia.temporada-alta.com\/video\/6-lorca-sempre-vigent\/"]}]},{"@type":"BreadcrumbList","@id":"https:\/\/adistancia.temporada-alta.com\/video\/6-lorca-sempre-vigent\/#breadcrumb","itemListElement":[{"@type":"ListItem","position":1,"name":"Home","item":"https:\/\/adistancia.temporada-alta.com\/"},{"@type":"ListItem","position":2,"name":"Videos","item":"https:\/\/adistancia.temporada-alta.com\/cataleg\/"},{"@type":"ListItem","position":3,"name":"#6 Lorca, sempre vigent"}]},{"@type":"WebSite","@id":"https:\/\/adistancia.temporada-alta.com\/#website","url":"https:\/\/adistancia.temporada-alta.com\/","name":"Temporada Alta - A distancia","description":"","publisher":{"@id":"https:\/\/adistancia.temporada-alta.com\/#organization"},"potentialAction":[{"@type":"SearchAction","target":{"@type":"EntryPoint","urlTemplate":"https:\/\/adistancia.temporada-alta.com\/?s={search_term_string}"},"query-input":"required name=search_term_string"}],"inLanguage":"es-ES"},{"@type":"Organization","@id":"https:\/\/adistancia.temporada-alta.com\/#organization","name":"Temporada alta","url":"https:\/\/adistancia.temporada-alta.com\/","sameAs":[],"logo":{"@type":"ImageObject","inLanguage":"es-ES","@id":"https:\/\/adistancia.temporada-alta.com\/#\/schema\/logo\/image\/","url":"https:\/\/adistancia.temporada-alta.com\/wp-content\/uploads\/2021\/08\/Logo-TA.png","contentUrl":"https:\/\/adistancia.temporada-alta.com\/wp-content\/uploads\/2021\/08\/Logo-TA.png","width":500,"height":167,"caption":"Temporada alta"},"image":{"@id":"https:\/\/adistancia.temporada-alta.com\/#\/schema\/logo\/image\/"}}]}},"_links":{"self":[{"href":"https:\/\/adistancia.temporada-alta.com\/es\/api\/wp\/v2\/video\/7185","targetHints":{"allow":["GET"]}}],"collection":[{"href":"https:\/\/adistancia.temporada-alta.com\/es\/api\/wp\/v2\/video"}],"about":[{"href":"https:\/\/adistancia.temporada-alta.com\/es\/api\/wp\/v2\/types\/video"}],"author":[{"embeddable":true,"href":"https:\/\/adistancia.temporada-alta.com\/es\/api\/wp\/v2\/users\/3486"}],"replies":[{"embeddable":true,"href":"https:\/\/adistancia.temporada-alta.com\/es\/api\/wp\/v2\/comments?post=7185"}],"wp:featuredmedia":[{"embeddable":true,"href":"https:\/\/adistancia.temporada-alta.com\/es\/api\/wp\/v2\/media\/7347"}],"wp:attachment":[{"href":"https:\/\/adistancia.temporada-alta.com\/es\/api\/wp\/v2\/media?parent=7185"}],"wp:term":[{"taxonomy":"video_cat","embeddable":true,"href":"https:\/\/adistancia.temporada-alta.com\/es\/api\/wp\/v2\/video_cat?post=7185"},{"taxonomy":"video_tag","embeddable":true,"href":"https:\/\/adistancia.temporada-alta.com\/es\/api\/wp\/v2\/video_tag?post=7185"}],"curies":[{"name":"wp","href":"https:\/\/api.w.org\/{rel}","templated":true}]}}

<p>El sexto episodio del Pódcast de Temporada Alta de Neus Molina y Gema Moraleda y con la participación de Salvador S. Sánchez, Paula Errando y Julia Barceló.<br><br><br></p>



<p>Una producción de<br><img loading="lazy" decoding="async" width="125" height="42" class="wp-image-6381" style="width: 125px;" src="https://adistancia.temporada-alta.com/wp-content/uploads/2021/08/Logo-TA.png" alt="" srcset="https://adistancia.temporada-alta.com/wp-content/uploads/2021/08/Logo-TA.png 500w, https://adistancia.temporada-alta.com/wp-content/uploads/2021/08/Logo-TA-300x100.png 300w, https://adistancia.temporada-alta.com/wp-content/uploads/2021/08/Logo-TA-16x5.png 16w, https://adistancia.temporada-alta.com/wp-content/uploads/2021/08/Logo-TA-24x8.png 24w, https://adistancia.temporada-alta.com/wp-content/uploads/2021/08/Logo-TA-36x12.png 36w, https://adistancia.temporada-alta.com/wp-content/uploads/2021/08/Logo-TA-48x16.png 48w" sizes="auto, (max-width: 125px) 100vw, 125px" /></p>



<p>Con<br><strong>Jofre Font</strong>,<strong> Nieves Molina</strong>,<strong> Gema Moraleda</strong>, <strong>Xavi Pardo</strong>,<strong> Oriol Puig Taulé</strong> y <strong>Laura Serra</strong></p>

<p>En pleno siglo XXI, no pasa año en que las obras de Federico García Lorca no pisen nuestros escenarios, siempre con éxito de público y siempre con esa vigencia que sólo alcanzan los auténticos clásicos. ¿Por qué las palabras de Federico nos suenan todavía hoy tan cercanas? ¿Qué le hizo tan popular? ¿Qué pensaría de las lecturas y adaptaciones que se hacen hoy en día de su obra? ¿Y de los problemas de acceso a la cultura que él ya denunciaba y que todavía sufrimos?</p>

<!-- This site is optimized with the Yoast SEO plugin v19.6.1 - https://yoast.com/wordpress/plugins/seo/ -->
<title>#6 Lorca, sempre vigent &gt; Temporada Alta - A distància</title>
<meta name="description" content="Al catàleg hi trobaràs una selecció de grans obres de teatre nacionals i internacionals que, en els darrers temps, han marcat el públic, especialment el del festival. Un catàleg de filmacions de muntatges teatrals en versió original de diversos directors i directores que han passat per Temporada Alta o que suposen fites en la seva trajectòria" />
<meta name="robots" content="index, follow, max-snippet:-1, max-image-preview:large, max-video-preview:-1" />
<link rel="canonical" href="https://adistancia.temporada-alta.com/es/video/6-lorca-sempre-vigent/" />
<meta property="og:locale" content="es_ES" />
<meta property="og:type" content="article" />
<meta property="og:title" content="#6 Lorca, sempre vigent &gt; Temporada Alta - A distància" />
<meta property="og:description" content="Al catàleg hi trobaràs una selecció de grans obres de teatre nacionals i internacionals que, en els darrers temps, han marcat el públic, especialment el del festival. Un catàleg de filmacions de muntatges teatrals en versió original de diversos directors i directores que han passat per Temporada Alta o que suposen fites en la seva trajectòria" />
<meta property="og:url" content="https://adistancia.temporada-alta.com/es/video/6-lorca-sempre-vigent/" />
<meta property="og:site_name" content="Temporada Alta - A distància" />
<meta property="article:modified_time" content="2023-03-07T10:27:31+00:00" />
<meta property="og:image" content="https://adistancia.temporada-alta.com/wp-content/uploads/2023/02/P6_M.jpg" />
	<meta property="og:image:width" content="700" />
	<meta property="og:image:height" content="394" />
	<meta property="og:image:type" content="image/jpeg" />
<meta name="twitter:card" content="summary_large_image" />
<meta name="twitter:label1" content="Est. reading time" />
	<meta name="twitter:data1" content="1 minute" />
<script type="application/ld+json" class="yoast-schema-graph">{"@context":"https://schema.org","@graph":[{"@type":"WebPage","@id":"https://adistancia.temporada-alta.com/video/6-lorca-sempre-vigent/","url":"https://adistancia.temporada-alta.com/video/6-lorca-sempre-vigent/","name":"#6 Lorca, sempre vigent &gt; Temporada Alta - A distància","isPartOf":{"@id":"https://adistancia.temporada-alta.com/#website"},"datePublished":"2022-10-14T11:55:39+00:00","dateModified":"2023-03-07T10:27:31+00:00","description":"Al catàleg hi trobaràs una selecció de grans obres de teatre nacionals i internacionals que, en els darrers temps, han marcat el públic, especialment el del festival. Un catàleg de filmacions de muntatges teatrals en versió original de diversos directors i directores que han passat per Temporada Alta o que suposen fites en la seva trajectòria","breadcrumb":{"@id":"https://adistancia.temporada-alta.com/video/6-lorca-sempre-vigent/#breadcrumb"},"inLanguage":"es-ES","potentialAction":[{"@type":"ReadAction","target":["https://adistancia.temporada-alta.com/video/6-lorca-sempre-vigent/"]}]},{"@type":"BreadcrumbList","@id":"https://adistancia.temporada-alta.com/video/6-lorca-sempre-vigent/#breadcrumb","itemListElement":[{"@type":"ListItem","position":1,"name":"Home","item":"https://adistancia.temporada-alta.com/"},{"@type":"ListItem","position":2,"name":"Videos","item":"https://adistancia.temporada-alta.com/cataleg/"},{"@type":"ListItem","position":3,"name":"#6 Lorca, sempre vigent"}]},{"@type":"WebSite","@id":"https://adistancia.temporada-alta.com/#website","url":"https://adistancia.temporada-alta.com/","name":"Temporada Alta - A distància","description":"","publisher":{"@id":"https://adistancia.temporada-alta.com/#organization"},"potentialAction":[{"@type":"SearchAction","target":{"@type":"EntryPoint","urlTemplate":"https://adistancia.temporada-alta.com/?s={search_term_string}"},"query-input":"required name=search_term_string"}],"inLanguage":"es-ES"},{"@type":"Organization","@id":"https://adistancia.temporada-alta.com/#organization","name":"Temporada alta","url":"https://adistancia.temporada-alta.com/","sameAs":[],"logo":{"@type":"ImageObject","inLanguage":"es-ES","@id":"https://adistancia.temporada-alta.com/#/schema/logo/image/","url":"https://adistancia.temporada-alta.com/wp-content/uploads/2021/08/Logo-TA.png","contentUrl":"https://adistancia.temporada-alta.com/wp-content/uploads/2021/08/Logo-TA.png","width":500,"height":167,"caption":"Temporada alta"},"image":{"@id":"https://adistancia.temporada-alta.com/#/schema/logo/image/"}}]}</script>
<!-- / Yoast SEO plugin. -->

#6 Lorca, sempre vigent &gt; Temporada Alta - A distància

Al catàleg hi trobaràs una selecció de grans obres de teatre nacionals i internacionals que, en els darrers temps, han marcat el públic, especialment el del festival. Un catàleg de filmacions de muntatges teatrals en versió original de diversos directors i directores que han passat per Temporada Alta o que suposen fites en la seva trajectòria

Temporada Alta - A distància
