{"id":7322,"date":"2023-02-27T12:17:16","date_gmt":"2023-02-27T11:17:16","guid":{"rendered":"https:\/\/adistancia.temporada-alta.com\/?post_type=video&#038;p=7322"},"modified":"2023-06-28T13:07:11","modified_gmt":"2023-06-28T11:07:11","slug":"la-veu-latent","status":"publish","type":"video","link":"https:\/\/adistancia.temporada-alta.com\/es\/video\/la-veu-latent\/","title":{"rendered":"La voz latente <br>(Primer movimiento)"},"content":{"rendered":"<p>Con un tono deliberadamente on\u00edrico, <em>La voz latente<\/em> explora los deseos, miedos y esperanzas de una mujer en un momento vital tan decisivo como su parto.<br><br><br><\/p>\n\n\n\n<h2 class=\"wp-block-heading\">Ficha art\u00edstica<\/h2>\n\n\n\n<p>Direcci\u00f3n y montaje<br><strong>Isaki Lacuesta<\/strong><\/p>\n\n\n\n<p>Int\u00e9rpretes<br><strong>Raquel Ferri<\/strong>, <strong>Silvia P\u00e9rez Cruz<\/strong>,<strong> Albert Ubach Font<\/strong>,<strong> Mart\u00ed Ferri Ubach<\/strong> y <strong>Luna Lacuesta<\/strong><\/p>\n\n\n\n<p>Fotograf\u00eda<br><strong>Adriana Villa Guevara<\/strong><\/p>\n\n\n\n<p>Ayudante de c\u00e1mara<br><strong>Paz Mira<\/strong><\/p>\n\n\n\n<p>Producci\u00f3n ejecutiva<br><strong>Isa Campo<\/strong><\/p>\n\n\n\n<p>Vestuario<br><strong>Lorena Panea<\/strong><\/p>\n\n\n\n<p>Laboratorio<br><strong>Cinelabs<\/strong><\/p>\n\n\n\n<p>Coordinaci\u00f3n Cinelabs<br><strong>Cornelia Popa<\/strong><\/p>\n\n\n\n<p>Pel\u00edcula Kodak<br><strong>Alejandro Paino<\/strong><\/p>\n\n\n\n<p>Equipo S\u00edlvia P\u00e9rez Cruz<br><strong>\u00c1lex S\u00e1nchez<\/strong> y <strong>Albert Sorribes<\/strong><\/p>\n\n\n\n<p>M\u00fasica<br><strong>The Womb<\/strong> (<strong>Silvia P\u00e9rez Cruz<\/strong> \/ <strong>Sylvia Plath<\/strong>)<\/p>","protected":false},"excerpt":{"rendered":"<p>Una actriz, Raquel Ferri, da a luz. Y una actriz, Raquel Ferri, interpreta la noche y el d\u00eda durante los que dio a luz.<\/p>\n<p>Los sue\u00f1os tambi\u00e9n pueden ser cuesti\u00f3n de vida o muerte. En ese sue\u00f1o, la actriz se multiplica en diferentes mujeres, y se prepara para dar a luz. Y en alg\u00fan instante (del pasado o del futuro) revive los deseos, los miedos, las esperanzas, el roce de los cuerpos en transformaci\u00f3n.<\/p>\n<p>En el momento decisivo del parto, la vida real y la interpretaci\u00f3n se abrazan y miran a los ojos, tal y como ocurre siempre en nuestras vidas.<\/p>","protected":false},"author":3486,"featured_media":7483,"comment_status":"closed","ping_status":"closed","template":"","meta":{"_expiration-date-status":"","_expiration-date":1687950398,"_expiration-date-type":"draft","_expiration-date-categories":[],"_expiration-date-options":[]},"video_cat":[181],"video_tag":[185],"class_list":["post-7322","video","type-video","status-publish","has-post-thumbnail","hentry","video_cat-curtmetratge","video_tag-ta22"],"acf":[],"yoast_head":"<!-- This site is optimized with the Yoast SEO plugin v19.6.1 - https:\/\/yoast.com\/wordpress\/plugins\/seo\/ -->\n<title>La veu latent (Primer moviment) &gt; Temporada Alta - A dist\u00e0ncia<\/title>\n<meta name=\"description\" content=\"Al cat\u00e0leg hi trobar\u00e0s una selecci\u00f3 de grans obres de teatre nacionals i internacionals que, en els darrers temps, han marcat el p\u00fablic, especialment el del festival. Un cat\u00e0leg de filmacions de muntatges teatrals en versi\u00f3 original de diversos directors i directores que han passat per Temporada Alta o que suposen fites en la seva traject\u00f2ria\" \/>\n<meta name=\"robots\" content=\"index, follow, max-snippet:-1, max-image-preview:large, max-video-preview:-1\" \/>\n<link rel=\"canonical\" href=\"https:\/\/adistancia.temporada-alta.com\/es\/video\/la-veu-latent\/\" \/>\n<meta property=\"og:locale\" content=\"es_ES\" \/>\n<meta property=\"og:type\" content=\"article\" \/>\n<meta property=\"og:title\" content=\"La veu latent (Primer moviment) &gt; Temporada Alta - A dist\u00e0ncia\" \/>\n<meta property=\"og:description\" content=\"Al cat\u00e0leg hi trobar\u00e0s una selecci\u00f3 de grans obres de teatre nacionals i internacionals que, en els darrers temps, han marcat el p\u00fablic, especialment el del festival. Un cat\u00e0leg de filmacions de muntatges teatrals en versi\u00f3 original de diversos directors i directores que han passat per Temporada Alta o que suposen fites en la seva traject\u00f2ria\" \/>\n<meta property=\"og:url\" content=\"https:\/\/adistancia.temporada-alta.com\/es\/video\/la-veu-latent\/\" \/>\n<meta property=\"og:site_name\" content=\"Temporada Alta - A dist\u00e0ncia\" \/>\n<meta property=\"article:modified_time\" content=\"2023-06-28T11:07:11+00:00\" \/>\n<meta property=\"og:image\" content=\"https:\/\/adistancia.temporada-alta.com\/wp-content\/uploads\/2023\/02\/CTA22_M.jpg\" \/>\n\t<meta property=\"og:image:width\" content=\"700\" \/>\n\t<meta property=\"og:image:height\" content=\"394\" \/>\n\t<meta property=\"og:image:type\" content=\"image\/jpeg\" \/>\n<meta name=\"twitter:card\" content=\"summary_large_image\" \/>\n<meta name=\"twitter:label1\" content=\"Est. reading time\" \/>\n\t<meta name=\"twitter:data1\" content=\"1 minute\" \/>\n<script type=\"application\/ld+json\" class=\"yoast-schema-graph\">{\"@context\":\"https:\/\/schema.org\",\"@graph\":[{\"@type\":\"WebPage\",\"@id\":\"https:\/\/adistancia.temporada-alta.com\/video\/la-veu-latent\/\",\"url\":\"https:\/\/adistancia.temporada-alta.com\/video\/la-veu-latent\/\",\"name\":\"La veu latent (Primer moviment) &gt; Temporada Alta - A dist\u00e0ncia\",\"isPartOf\":{\"@id\":\"https:\/\/adistancia.temporada-alta.com\/#website\"},\"datePublished\":\"2023-02-27T11:17:16+00:00\",\"dateModified\":\"2023-06-28T11:07:11+00:00\",\"description\":\"Al cat\u00e0leg hi trobar\u00e0s una selecci\u00f3 de grans obres de teatre nacionals i internacionals que, en els darrers temps, han marcat el p\u00fablic, especialment el del festival. Un cat\u00e0leg de filmacions de muntatges teatrals en versi\u00f3 original de diversos directors i directores que han passat per Temporada Alta o que suposen fites en la seva traject\u00f2ria\",\"breadcrumb\":{\"@id\":\"https:\/\/adistancia.temporada-alta.com\/video\/la-veu-latent\/#breadcrumb\"},\"inLanguage\":\"es-ES\",\"potentialAction\":[{\"@type\":\"ReadAction\",\"target\":[\"https:\/\/adistancia.temporada-alta.com\/video\/la-veu-latent\/\"]}]},{\"@type\":\"BreadcrumbList\",\"@id\":\"https:\/\/adistancia.temporada-alta.com\/video\/la-veu-latent\/#breadcrumb\",\"itemListElement\":[{\"@type\":\"ListItem\",\"position\":1,\"name\":\"Home\",\"item\":\"https:\/\/adistancia.temporada-alta.com\/\"},{\"@type\":\"ListItem\",\"position\":2,\"name\":\"Videos\",\"item\":\"https:\/\/adistancia.temporada-alta.com\/cataleg\/\"},{\"@type\":\"ListItem\",\"position\":3,\"name\":\"La veu latent (Primer moviment)\"}]},{\"@type\":\"WebSite\",\"@id\":\"https:\/\/adistancia.temporada-alta.com\/#website\",\"url\":\"https:\/\/adistancia.temporada-alta.com\/\",\"name\":\"Temporada Alta - A dist\u00e0ncia\",\"description\":\"\",\"publisher\":{\"@id\":\"https:\/\/adistancia.temporada-alta.com\/#organization\"},\"potentialAction\":[{\"@type\":\"SearchAction\",\"target\":{\"@type\":\"EntryPoint\",\"urlTemplate\":\"https:\/\/adistancia.temporada-alta.com\/?s={search_term_string}\"},\"query-input\":\"required name=search_term_string\"}],\"inLanguage\":\"es-ES\"},{\"@type\":\"Organization\",\"@id\":\"https:\/\/adistancia.temporada-alta.com\/#organization\",\"name\":\"Temporada alta\",\"url\":\"https:\/\/adistancia.temporada-alta.com\/\",\"sameAs\":[],\"logo\":{\"@type\":\"ImageObject\",\"inLanguage\":\"es-ES\",\"@id\":\"https:\/\/adistancia.temporada-alta.com\/#\/schema\/logo\/image\/\",\"url\":\"https:\/\/adistancia.temporada-alta.com\/wp-content\/uploads\/2021\/08\/Logo-TA.png\",\"contentUrl\":\"https:\/\/adistancia.temporada-alta.com\/wp-content\/uploads\/2021\/08\/Logo-TA.png\",\"width\":500,\"height\":167,\"caption\":\"Temporada alta\"},\"image\":{\"@id\":\"https:\/\/adistancia.temporada-alta.com\/#\/schema\/logo\/image\/\"}}]}<\/script>\n<!-- \/ Yoast SEO plugin. -->","yoast_head_json":{"title":"La veu latent (Primer moviment) &gt; Temporada Alta - A dist\u00e0ncia","description":"Al cat\u00e0leg hi trobar\u00e0s una selecci\u00f3 de grans obres de teatre nacionals i internacionals que, en els darrers temps, han marcat el p\u00fablic, especialment el del festival. Un cat\u00e0leg de filmacions de muntatges teatrals en versi\u00f3 original de diversos directors i directores que han passat per Temporada Alta o que suposen fites en la seva traject\u00f2ria","robots":{"index":"index","follow":"follow","max-snippet":"max-snippet:-1","max-image-preview":"max-image-preview:large","max-video-preview":"max-video-preview:-1"},"canonical":"https:\/\/adistancia.temporada-alta.com\/es\/video\/la-veu-latent\/","og_locale":"es_ES","og_type":"article","og_title":"La veu latent (Primer moviment) &gt; Temporada Alta - A dist\u00e0ncia","og_description":"Al cat\u00e0leg hi trobar\u00e0s una selecci\u00f3 de grans obres de teatre nacionals i internacionals que, en els darrers temps, han marcat el p\u00fablic, especialment el del festival. Un cat\u00e0leg de filmacions de muntatges teatrals en versi\u00f3 original de diversos directors i directores que han passat per Temporada Alta o que suposen fites en la seva traject\u00f2ria","og_url":"https:\/\/adistancia.temporada-alta.com\/es\/video\/la-veu-latent\/","og_site_name":"Temporada Alta - A dist\u00e0ncia","article_modified_time":"2023-06-28T11:07:11+00:00","og_image":[{"width":700,"height":394,"url":"https:\/\/adistancia.temporada-alta.com\/wp-content\/uploads\/2023\/02\/CTA22_M.jpg","type":"image\/jpeg"}],"twitter_card":"summary_large_image","twitter_misc":{"Est. reading time":"1 minute"},"schema":{"@context":"https:\/\/schema.org","@graph":[{"@type":"WebPage","@id":"https:\/\/adistancia.temporada-alta.com\/video\/la-veu-latent\/","url":"https:\/\/adistancia.temporada-alta.com\/video\/la-veu-latent\/","name":"La veu latent (Primer moviment) &gt; Temporada Alta - A dist\u00e0ncia","isPartOf":{"@id":"https:\/\/adistancia.temporada-alta.com\/#website"},"datePublished":"2023-02-27T11:17:16+00:00","dateModified":"2023-06-28T11:07:11+00:00","description":"Al cat\u00e0leg hi trobar\u00e0s una selecci\u00f3 de grans obres de teatre nacionals i internacionals que, en els darrers temps, han marcat el p\u00fablic, especialment el del festival. Un cat\u00e0leg de filmacions de muntatges teatrals en versi\u00f3 original de diversos directors i directores que han passat per Temporada Alta o que suposen fites en la seva traject\u00f2ria","breadcrumb":{"@id":"https:\/\/adistancia.temporada-alta.com\/video\/la-veu-latent\/#breadcrumb"},"inLanguage":"es-ES","potentialAction":[{"@type":"ReadAction","target":["https:\/\/adistancia.temporada-alta.com\/video\/la-veu-latent\/"]}]},{"@type":"BreadcrumbList","@id":"https:\/\/adistancia.temporada-alta.com\/video\/la-veu-latent\/#breadcrumb","itemListElement":[{"@type":"ListItem","position":1,"name":"Home","item":"https:\/\/adistancia.temporada-alta.com\/"},{"@type":"ListItem","position":2,"name":"Videos","item":"https:\/\/adistancia.temporada-alta.com\/cataleg\/"},{"@type":"ListItem","position":3,"name":"La veu latent (Primer moviment)"}]},{"@type":"WebSite","@id":"https:\/\/adistancia.temporada-alta.com\/#website","url":"https:\/\/adistancia.temporada-alta.com\/","name":"Temporada Alta - A distancia","description":"","publisher":{"@id":"https:\/\/adistancia.temporada-alta.com\/#organization"},"potentialAction":[{"@type":"SearchAction","target":{"@type":"EntryPoint","urlTemplate":"https:\/\/adistancia.temporada-alta.com\/?s={search_term_string}"},"query-input":"required name=search_term_string"}],"inLanguage":"es-ES"},{"@type":"Organization","@id":"https:\/\/adistancia.temporada-alta.com\/#organization","name":"Temporada alta","url":"https:\/\/adistancia.temporada-alta.com\/","sameAs":[],"logo":{"@type":"ImageObject","inLanguage":"es-ES","@id":"https:\/\/adistancia.temporada-alta.com\/#\/schema\/logo\/image\/","url":"https:\/\/adistancia.temporada-alta.com\/wp-content\/uploads\/2021\/08\/Logo-TA.png","contentUrl":"https:\/\/adistancia.temporada-alta.com\/wp-content\/uploads\/2021\/08\/Logo-TA.png","width":500,"height":167,"caption":"Temporada alta"},"image":{"@id":"https:\/\/adistancia.temporada-alta.com\/#\/schema\/logo\/image\/"}}]}},"_links":{"self":[{"href":"https:\/\/adistancia.temporada-alta.com\/es\/api\/wp\/v2\/video\/7322","targetHints":{"allow":["GET"]}}],"collection":[{"href":"https:\/\/adistancia.temporada-alta.com\/es\/api\/wp\/v2\/video"}],"about":[{"href":"https:\/\/adistancia.temporada-alta.com\/es\/api\/wp\/v2\/types\/video"}],"author":[{"embeddable":true,"href":"https:\/\/adistancia.temporada-alta.com\/es\/api\/wp\/v2\/users\/3486"}],"replies":[{"embeddable":true,"href":"https:\/\/adistancia.temporada-alta.com\/es\/api\/wp\/v2\/comments?post=7322"}],"wp:featuredmedia":[{"embeddable":true,"href":"https:\/\/adistancia.temporada-alta.com\/es\/api\/wp\/v2\/media\/7483"}],"wp:attachment":[{"href":"https:\/\/adistancia.temporada-alta.com\/es\/api\/wp\/v2\/media?parent=7322"}],"wp:term":[{"taxonomy":"video_cat","embeddable":true,"href":"https:\/\/adistancia.temporada-alta.com\/es\/api\/wp\/v2\/video_cat?post=7322"},{"taxonomy":"video_tag","embeddable":true,"href":"https:\/\/adistancia.temporada-alta.com\/es\/api\/wp\/v2\/video_tag?post=7322"}],"curies":[{"name":"wp","href":"https:\/\/api.w.org\/{rel}","templated":true}]}}

<p>Con un tono deliberadamente onírico, <em>La voz latente</em> explora los deseos, miedos y esperanzas de una mujer en un momento vital tan decisivo como su parto.<br><br><br></p>



<h2 class="wp-block-heading">Ficha artística</h2>



<p>Dirección y montaje<br><strong>Isaki Lacuesta</strong></p>



<p>Intérpretes<br><strong>Raquel Ferri</strong>, <strong>Silvia Pérez Cruz</strong>,<strong> Albert Ubach Font</strong>,<strong> Martí Ferri Ubach</strong> y <strong>Luna Lacuesta</strong></p>



<p>Fotografía<br><strong>Adriana Villa Guevara</strong></p>



<p>Ayudante de cámara<br><strong>Paz Mira</strong></p>



<p>Producción ejecutiva<br><strong>Isa Campo</strong></p>



<p>Vestuario<br><strong>Lorena Panea</strong></p>



<p>Laboratorio<br><strong>Cinelabs</strong></p>



<p>Coordinación Cinelabs<br><strong>Cornelia Popa</strong></p>



<p>Película Kodak<br><strong>Alejandro Paino</strong></p>



<p>Equipo Sílvia Pérez Cruz<br><strong>Álex Sánchez</strong> y <strong>Albert Sorribes</strong></p>



<p>Música<br><strong>The Womb</strong> (<strong>Silvia Pérez Cruz</strong> / <strong>Sylvia Plath</strong>)</p>

<p>Una actriz, Raquel Ferri, da a luz. Y una actriz, Raquel Ferri, interpreta la noche y el día durante los que dio a luz.</p>
<p>Los sueños también pueden ser cuestión de vida o muerte. En ese sueño, la actriz se multiplica en diferentes mujeres, y se prepara para dar a luz. Y en algún instante (del pasado o del futuro) revive los deseos, los miedos, las esperanzas, el roce de los cuerpos en transformación.</p>
<p>En el momento decisivo del parto, la vida real y la interpretación se abrazan y miran a los ojos, tal y como ocurre siempre en nuestras vidas.</p>

<!-- This site is optimized with the Yoast SEO plugin v19.6.1 - https://yoast.com/wordpress/plugins/seo/ -->
<title>La veu latent (Primer moviment) &gt; Temporada Alta - A distància</title>
<meta name="description" content="Al catàleg hi trobaràs una selecció de grans obres de teatre nacionals i internacionals que, en els darrers temps, han marcat el públic, especialment el del festival. Un catàleg de filmacions de muntatges teatrals en versió original de diversos directors i directores que han passat per Temporada Alta o que suposen fites en la seva trajectòria" />
<meta name="robots" content="index, follow, max-snippet:-1, max-image-preview:large, max-video-preview:-1" />
<link rel="canonical" href="https://adistancia.temporada-alta.com/es/video/la-veu-latent/" />
<meta property="og:locale" content="es_ES" />
<meta property="og:type" content="article" />
<meta property="og:title" content="La veu latent (Primer moviment) &gt; Temporada Alta - A distància" />
<meta property="og:description" content="Al catàleg hi trobaràs una selecció de grans obres de teatre nacionals i internacionals que, en els darrers temps, han marcat el públic, especialment el del festival. Un catàleg de filmacions de muntatges teatrals en versió original de diversos directors i directores que han passat per Temporada Alta o que suposen fites en la seva trajectòria" />
<meta property="og:url" content="https://adistancia.temporada-alta.com/es/video/la-veu-latent/" />
<meta property="og:site_name" content="Temporada Alta - A distància" />
<meta property="article:modified_time" content="2023-06-28T11:07:11+00:00" />
<meta property="og:image" content="https://adistancia.temporada-alta.com/wp-content/uploads/2023/02/CTA22_M.jpg" />
	<meta property="og:image:width" content="700" />
	<meta property="og:image:height" content="394" />
	<meta property="og:image:type" content="image/jpeg" />
<meta name="twitter:card" content="summary_large_image" />
<meta name="twitter:label1" content="Est. reading time" />
	<meta name="twitter:data1" content="1 minute" />
<script type="application/ld+json" class="yoast-schema-graph">{"@context":"https://schema.org","@graph":[{"@type":"WebPage","@id":"https://adistancia.temporada-alta.com/video/la-veu-latent/","url":"https://adistancia.temporada-alta.com/video/la-veu-latent/","name":"La veu latent (Primer moviment) &gt; Temporada Alta - A distància","isPartOf":{"@id":"https://adistancia.temporada-alta.com/#website"},"datePublished":"2023-02-27T11:17:16+00:00","dateModified":"2023-06-28T11:07:11+00:00","description":"Al catàleg hi trobaràs una selecció de grans obres de teatre nacionals i internacionals que, en els darrers temps, han marcat el públic, especialment el del festival. Un catàleg de filmacions de muntatges teatrals en versió original de diversos directors i directores que han passat per Temporada Alta o que suposen fites en la seva trajectòria","breadcrumb":{"@id":"https://adistancia.temporada-alta.com/video/la-veu-latent/#breadcrumb"},"inLanguage":"es-ES","potentialAction":[{"@type":"ReadAction","target":["https://adistancia.temporada-alta.com/video/la-veu-latent/"]}]},{"@type":"BreadcrumbList","@id":"https://adistancia.temporada-alta.com/video/la-veu-latent/#breadcrumb","itemListElement":[{"@type":"ListItem","position":1,"name":"Home","item":"https://adistancia.temporada-alta.com/"},{"@type":"ListItem","position":2,"name":"Videos","item":"https://adistancia.temporada-alta.com/cataleg/"},{"@type":"ListItem","position":3,"name":"La veu latent (Primer moviment)"}]},{"@type":"WebSite","@id":"https://adistancia.temporada-alta.com/#website","url":"https://adistancia.temporada-alta.com/","name":"Temporada Alta - A distància","description":"","publisher":{"@id":"https://adistancia.temporada-alta.com/#organization"},"potentialAction":[{"@type":"SearchAction","target":{"@type":"EntryPoint","urlTemplate":"https://adistancia.temporada-alta.com/?s={search_term_string}"},"query-input":"required name=search_term_string"}],"inLanguage":"es-ES"},{"@type":"Organization","@id":"https://adistancia.temporada-alta.com/#organization","name":"Temporada alta","url":"https://adistancia.temporada-alta.com/","sameAs":[],"logo":{"@type":"ImageObject","inLanguage":"es-ES","@id":"https://adistancia.temporada-alta.com/#/schema/logo/image/","url":"https://adistancia.temporada-alta.com/wp-content/uploads/2021/08/Logo-TA.png","contentUrl":"https://adistancia.temporada-alta.com/wp-content/uploads/2021/08/Logo-TA.png","width":500,"height":167,"caption":"Temporada alta"},"image":{"@id":"https://adistancia.temporada-alta.com/#/schema/logo/image/"}}]}</script>
<!-- / Yoast SEO plugin. -->

La veu latent (Primer moviment) &gt; Temporada Alta - A distància

Al catàleg hi trobaràs una selecció de grans obres de teatre nacionals i internacionals que, en els darrers temps, han marcat el públic, especialment el del festival. Un catàleg de filmacions de muntatges teatrals en versió original de diversos directors i directores que han passat per Temporada Alta o que suposen fites en la seva trajectòria

Temporada Alta - A distància
