{"id":7417,"date":"2023-03-06T11:25:07","date_gmt":"2023-03-06T10:25:07","guid":{"rendered":"https:\/\/adistancia.temporada-alta.com\/?post_type=video&#038;p=7417"},"modified":"2023-05-23T14:09:10","modified_gmt":"2023-05-23T12:09:10","slug":"ta12","status":"publish","type":"video","link":"https:\/\/adistancia.temporada-alta.com\/es\/video\/ta12\/","title":{"rendered":"Spot Temporada Alta 2012"},"content":{"rendered":"<p>Grabado en geri\u00e1trico de Girona, el espot cuenta con la participaci\u00f3n de la soprano Marta Matheu.<br><br><br><\/p>\n\n\n\n<h2 class=\"wp-block-heading\">Ficha art\u00edstica<\/h2>\n\n\n\n<p>Un cortometraje de<br><strong>Salvador Sunyer<\/strong><\/p>\n\n\n\n<p>Reparto<br><strong>Marta Matheu<\/strong><\/p>\n\n\n\n<p class=\"has-text-align-left\">Producci\u00f3n<br><img loading=\"lazy\" decoding=\"async\" width=\"125\" height=\"59\" class=\"wp-image-7449\" style=\"width: 125px;\" src=\"https:\/\/adistancia.temporada-alta.com\/wp-content\/uploads\/2023\/03\/LogoNanouk-azul-fondo-transparente.png\" alt=\"\" srcset=\"https:\/\/adistancia.temporada-alta.com\/wp-content\/uploads\/2023\/03\/LogoNanouk-azul-fondo-transparente.png 1848w, https:\/\/adistancia.temporada-alta.com\/wp-content\/uploads\/2023\/03\/LogoNanouk-azul-fondo-transparente-300x142.png 300w, https:\/\/adistancia.temporada-alta.com\/wp-content\/uploads\/2023\/03\/LogoNanouk-azul-fondo-transparente-1024x486.png 1024w, https:\/\/adistancia.temporada-alta.com\/wp-content\/uploads\/2023\/03\/LogoNanouk-azul-fondo-transparente-768x364.png 768w, https:\/\/adistancia.temporada-alta.com\/wp-content\/uploads\/2023\/03\/LogoNanouk-azul-fondo-transparente-1536x729.png 1536w, https:\/\/adistancia.temporada-alta.com\/wp-content\/uploads\/2023\/03\/LogoNanouk-azul-fondo-transparente-18x9.png 18w, https:\/\/adistancia.temporada-alta.com\/wp-content\/uploads\/2023\/03\/LogoNanouk-azul-fondo-transparente-24x11.png 24w, https:\/\/adistancia.temporada-alta.com\/wp-content\/uploads\/2023\/03\/LogoNanouk-azul-fondo-transparente-36x17.png 36w, https:\/\/adistancia.temporada-alta.com\/wp-content\/uploads\/2023\/03\/LogoNanouk-azul-fondo-transparente-48x23.png 48w\" sizes=\"auto, (max-width: 125px) 100vw, 125px\" \/><\/p>","protected":false},"excerpt":{"rendered":"<p><span class=\"TextRun SCXW211738295 BCX0\" lang=\"CA-ES\" xml:lang=\"CA-ES\" data-contrast=\"auto\"><span class=\"NormalTextRun SCXW211738295 BCX0\">Un pa\u00eds cansado y econ\u00f3micamente exhausto que forma parte de una vieja Europa que corre el riesgo de pensar en el pasado en lugar de dibujar su futuro; \u00e9ste es el marco en el que se hace el festival Temporada Alta 2012.<\/span><\/span><\/p>\n<p><span data-contrast=\"auto\">Debido a la crisis econ\u00f3mica, existe una sensaci\u00f3n de una cierta depresi\u00f3n general en el mundo art\u00edstico que, adem\u00e1s, provoca que se generen dudas sobre cu\u00e1l debe ser el papel de la cultura en un momento como \u00e9ste.<\/span><\/p>","protected":false},"author":3486,"featured_media":7517,"comment_status":"closed","ping_status":"closed","template":"","meta":{"_expiration-date-status":"","_expiration-date":0,"_expiration-date-type":"","_expiration-date-categories":[],"_expiration-date-options":[]},"video_cat":[181],"video_tag":[197],"class_list":["post-7417","video","type-video","status-publish","has-post-thumbnail","hentry","video_cat-curtmetratge","video_tag-ta12"],"acf":[],"yoast_head":"<!-- This site is optimized with the Yoast SEO plugin v19.6.1 - https:\/\/yoast.com\/wordpress\/plugins\/seo\/ -->\n<title>Espot Temporada Alta 2012 &gt; Temporada Alta - A dist\u00e0ncia<\/title>\n<meta name=\"description\" content=\"Al cat\u00e0leg hi trobar\u00e0s una selecci\u00f3 de grans obres de teatre nacionals i internacionals que, en els darrers temps, han marcat el p\u00fablic, especialment el del festival. Un cat\u00e0leg de filmacions de muntatges teatrals en versi\u00f3 original de diversos directors i directores que han passat per Temporada Alta o que suposen fites en la seva traject\u00f2ria\" \/>\n<meta name=\"robots\" content=\"index, follow, max-snippet:-1, max-image-preview:large, max-video-preview:-1\" \/>\n<link rel=\"canonical\" href=\"https:\/\/adistancia.temporada-alta.com\/es\/video\/ta12\/\" \/>\n<meta property=\"og:locale\" content=\"es_ES\" \/>\n<meta property=\"og:type\" content=\"article\" \/>\n<meta property=\"og:title\" content=\"Espot Temporada Alta 2012 &gt; Temporada Alta - A dist\u00e0ncia\" \/>\n<meta property=\"og:description\" content=\"Al cat\u00e0leg hi trobar\u00e0s una selecci\u00f3 de grans obres de teatre nacionals i internacionals que, en els darrers temps, han marcat el p\u00fablic, especialment el del festival. Un cat\u00e0leg de filmacions de muntatges teatrals en versi\u00f3 original de diversos directors i directores que han passat per Temporada Alta o que suposen fites en la seva traject\u00f2ria\" \/>\n<meta property=\"og:url\" content=\"https:\/\/adistancia.temporada-alta.com\/es\/video\/ta12\/\" \/>\n<meta property=\"og:site_name\" content=\"Temporada Alta - A dist\u00e0ncia\" \/>\n<meta property=\"article:modified_time\" content=\"2023-05-23T12:09:10+00:00\" \/>\n<meta property=\"og:image\" content=\"https:\/\/adistancia.temporada-alta.com\/wp-content\/uploads\/2023\/03\/CTA12_M.jpg\" \/>\n\t<meta property=\"og:image:width\" content=\"700\" \/>\n\t<meta property=\"og:image:height\" content=\"394\" \/>\n\t<meta property=\"og:image:type\" content=\"image\/jpeg\" \/>\n<meta name=\"twitter:card\" content=\"summary_large_image\" \/>\n<meta name=\"twitter:label1\" content=\"Est. reading time\" \/>\n\t<meta name=\"twitter:data1\" content=\"1 minute\" \/>\n<script type=\"application\/ld+json\" class=\"yoast-schema-graph\">{\"@context\":\"https:\/\/schema.org\",\"@graph\":[{\"@type\":\"WebPage\",\"@id\":\"https:\/\/adistancia.temporada-alta.com\/video\/ta12\/\",\"url\":\"https:\/\/adistancia.temporada-alta.com\/video\/ta12\/\",\"name\":\"Espot Temporada Alta 2012 &gt; Temporada Alta - A dist\u00e0ncia\",\"isPartOf\":{\"@id\":\"https:\/\/adistancia.temporada-alta.com\/#website\"},\"datePublished\":\"2023-03-06T10:25:07+00:00\",\"dateModified\":\"2023-05-23T12:09:10+00:00\",\"description\":\"Al cat\u00e0leg hi trobar\u00e0s una selecci\u00f3 de grans obres de teatre nacionals i internacionals que, en els darrers temps, han marcat el p\u00fablic, especialment el del festival. Un cat\u00e0leg de filmacions de muntatges teatrals en versi\u00f3 original de diversos directors i directores que han passat per Temporada Alta o que suposen fites en la seva traject\u00f2ria\",\"breadcrumb\":{\"@id\":\"https:\/\/adistancia.temporada-alta.com\/video\/ta12\/#breadcrumb\"},\"inLanguage\":\"es-ES\",\"potentialAction\":[{\"@type\":\"ReadAction\",\"target\":[\"https:\/\/adistancia.temporada-alta.com\/video\/ta12\/\"]}]},{\"@type\":\"BreadcrumbList\",\"@id\":\"https:\/\/adistancia.temporada-alta.com\/video\/ta12\/#breadcrumb\",\"itemListElement\":[{\"@type\":\"ListItem\",\"position\":1,\"name\":\"Home\",\"item\":\"https:\/\/adistancia.temporada-alta.com\/\"},{\"@type\":\"ListItem\",\"position\":2,\"name\":\"Videos\",\"item\":\"https:\/\/adistancia.temporada-alta.com\/cataleg\/\"},{\"@type\":\"ListItem\",\"position\":3,\"name\":\"Espot Temporada Alta 2012\"}]},{\"@type\":\"WebSite\",\"@id\":\"https:\/\/adistancia.temporada-alta.com\/#website\",\"url\":\"https:\/\/adistancia.temporada-alta.com\/\",\"name\":\"Temporada Alta - A dist\u00e0ncia\",\"description\":\"\",\"publisher\":{\"@id\":\"https:\/\/adistancia.temporada-alta.com\/#organization\"},\"potentialAction\":[{\"@type\":\"SearchAction\",\"target\":{\"@type\":\"EntryPoint\",\"urlTemplate\":\"https:\/\/adistancia.temporada-alta.com\/?s={search_term_string}\"},\"query-input\":\"required name=search_term_string\"}],\"inLanguage\":\"es-ES\"},{\"@type\":\"Organization\",\"@id\":\"https:\/\/adistancia.temporada-alta.com\/#organization\",\"name\":\"Temporada alta\",\"url\":\"https:\/\/adistancia.temporada-alta.com\/\",\"sameAs\":[],\"logo\":{\"@type\":\"ImageObject\",\"inLanguage\":\"es-ES\",\"@id\":\"https:\/\/adistancia.temporada-alta.com\/#\/schema\/logo\/image\/\",\"url\":\"https:\/\/adistancia.temporada-alta.com\/wp-content\/uploads\/2021\/08\/Logo-TA.png\",\"contentUrl\":\"https:\/\/adistancia.temporada-alta.com\/wp-content\/uploads\/2021\/08\/Logo-TA.png\",\"width\":500,\"height\":167,\"caption\":\"Temporada alta\"},\"image\":{\"@id\":\"https:\/\/adistancia.temporada-alta.com\/#\/schema\/logo\/image\/\"}}]}<\/script>\n<!-- \/ Yoast SEO plugin. -->","yoast_head_json":{"title":"Espot Temporada Alta 2012 &gt; Temporada Alta - A dist\u00e0ncia","description":"Al cat\u00e0leg hi trobar\u00e0s una selecci\u00f3 de grans obres de teatre nacionals i internacionals que, en els darrers temps, han marcat el p\u00fablic, especialment el del festival. Un cat\u00e0leg de filmacions de muntatges teatrals en versi\u00f3 original de diversos directors i directores que han passat per Temporada Alta o que suposen fites en la seva traject\u00f2ria","robots":{"index":"index","follow":"follow","max-snippet":"max-snippet:-1","max-image-preview":"max-image-preview:large","max-video-preview":"max-video-preview:-1"},"canonical":"https:\/\/adistancia.temporada-alta.com\/es\/video\/ta12\/","og_locale":"es_ES","og_type":"article","og_title":"Espot Temporada Alta 2012 &gt; Temporada Alta - A dist\u00e0ncia","og_description":"Al cat\u00e0leg hi trobar\u00e0s una selecci\u00f3 de grans obres de teatre nacionals i internacionals que, en els darrers temps, han marcat el p\u00fablic, especialment el del festival. Un cat\u00e0leg de filmacions de muntatges teatrals en versi\u00f3 original de diversos directors i directores que han passat per Temporada Alta o que suposen fites en la seva traject\u00f2ria","og_url":"https:\/\/adistancia.temporada-alta.com\/es\/video\/ta12\/","og_site_name":"Temporada Alta - A dist\u00e0ncia","article_modified_time":"2023-05-23T12:09:10+00:00","og_image":[{"width":700,"height":394,"url":"https:\/\/adistancia.temporada-alta.com\/wp-content\/uploads\/2023\/03\/CTA12_M.jpg","type":"image\/jpeg"}],"twitter_card":"summary_large_image","twitter_misc":{"Est. reading time":"1 minute"},"schema":{"@context":"https:\/\/schema.org","@graph":[{"@type":"WebPage","@id":"https:\/\/adistancia.temporada-alta.com\/video\/ta12\/","url":"https:\/\/adistancia.temporada-alta.com\/video\/ta12\/","name":"Espot Temporada Alta 2012 &gt; Temporada Alta - A dist\u00e0ncia","isPartOf":{"@id":"https:\/\/adistancia.temporada-alta.com\/#website"},"datePublished":"2023-03-06T10:25:07+00:00","dateModified":"2023-05-23T12:09:10+00:00","description":"Al cat\u00e0leg hi trobar\u00e0s una selecci\u00f3 de grans obres de teatre nacionals i internacionals que, en els darrers temps, han marcat el p\u00fablic, especialment el del festival. Un cat\u00e0leg de filmacions de muntatges teatrals en versi\u00f3 original de diversos directors i directores que han passat per Temporada Alta o que suposen fites en la seva traject\u00f2ria","breadcrumb":{"@id":"https:\/\/adistancia.temporada-alta.com\/video\/ta12\/#breadcrumb"},"inLanguage":"es-ES","potentialAction":[{"@type":"ReadAction","target":["https:\/\/adistancia.temporada-alta.com\/video\/ta12\/"]}]},{"@type":"BreadcrumbList","@id":"https:\/\/adistancia.temporada-alta.com\/video\/ta12\/#breadcrumb","itemListElement":[{"@type":"ListItem","position":1,"name":"Home","item":"https:\/\/adistancia.temporada-alta.com\/"},{"@type":"ListItem","position":2,"name":"Videos","item":"https:\/\/adistancia.temporada-alta.com\/cataleg\/"},{"@type":"ListItem","position":3,"name":"Espot Temporada Alta 2012"}]},{"@type":"WebSite","@id":"https:\/\/adistancia.temporada-alta.com\/#website","url":"https:\/\/adistancia.temporada-alta.com\/","name":"Temporada Alta - A distancia","description":"","publisher":{"@id":"https:\/\/adistancia.temporada-alta.com\/#organization"},"potentialAction":[{"@type":"SearchAction","target":{"@type":"EntryPoint","urlTemplate":"https:\/\/adistancia.temporada-alta.com\/?s={search_term_string}"},"query-input":"required name=search_term_string"}],"inLanguage":"es-ES"},{"@type":"Organization","@id":"https:\/\/adistancia.temporada-alta.com\/#organization","name":"Temporada alta","url":"https:\/\/adistancia.temporada-alta.com\/","sameAs":[],"logo":{"@type":"ImageObject","inLanguage":"es-ES","@id":"https:\/\/adistancia.temporada-alta.com\/#\/schema\/logo\/image\/","url":"https:\/\/adistancia.temporada-alta.com\/wp-content\/uploads\/2021\/08\/Logo-TA.png","contentUrl":"https:\/\/adistancia.temporada-alta.com\/wp-content\/uploads\/2021\/08\/Logo-TA.png","width":500,"height":167,"caption":"Temporada alta"},"image":{"@id":"https:\/\/adistancia.temporada-alta.com\/#\/schema\/logo\/image\/"}}]}},"_links":{"self":[{"href":"https:\/\/adistancia.temporada-alta.com\/es\/api\/wp\/v2\/video\/7417","targetHints":{"allow":["GET"]}}],"collection":[{"href":"https:\/\/adistancia.temporada-alta.com\/es\/api\/wp\/v2\/video"}],"about":[{"href":"https:\/\/adistancia.temporada-alta.com\/es\/api\/wp\/v2\/types\/video"}],"author":[{"embeddable":true,"href":"https:\/\/adistancia.temporada-alta.com\/es\/api\/wp\/v2\/users\/3486"}],"replies":[{"embeddable":true,"href":"https:\/\/adistancia.temporada-alta.com\/es\/api\/wp\/v2\/comments?post=7417"}],"wp:featuredmedia":[{"embeddable":true,"href":"https:\/\/adistancia.temporada-alta.com\/es\/api\/wp\/v2\/media\/7517"}],"wp:attachment":[{"href":"https:\/\/adistancia.temporada-alta.com\/es\/api\/wp\/v2\/media?parent=7417"}],"wp:term":[{"taxonomy":"video_cat","embeddable":true,"href":"https:\/\/adistancia.temporada-alta.com\/es\/api\/wp\/v2\/video_cat?post=7417"},{"taxonomy":"video_tag","embeddable":true,"href":"https:\/\/adistancia.temporada-alta.com\/es\/api\/wp\/v2\/video_tag?post=7417"}],"curies":[{"name":"wp","href":"https:\/\/api.w.org\/{rel}","templated":true}]}}

<p>Grabado en geriátrico de Girona, el espot cuenta con la participación de la soprano Marta Matheu.<br><br><br></p>



<h2 class="wp-block-heading">Ficha artística</h2>



<p>Un cortometraje de<br><strong>Salvador Sunyer</strong></p>



<p>Reparto<br><strong>Marta Matheu</strong></p>



<p class="has-text-align-left">Producción<br><img loading="lazy" decoding="async" width="125" height="59" class="wp-image-7449" style="width: 125px;" src="https://adistancia.temporada-alta.com/wp-content/uploads/2023/03/LogoNanouk-azul-fondo-transparente.png" alt="" srcset="https://adistancia.temporada-alta.com/wp-content/uploads/2023/03/LogoNanouk-azul-fondo-transparente.png 1848w, https://adistancia.temporada-alta.com/wp-content/uploads/2023/03/LogoNanouk-azul-fondo-transparente-300x142.png 300w, https://adistancia.temporada-alta.com/wp-content/uploads/2023/03/LogoNanouk-azul-fondo-transparente-1024x486.png 1024w, https://adistancia.temporada-alta.com/wp-content/uploads/2023/03/LogoNanouk-azul-fondo-transparente-768x364.png 768w, https://adistancia.temporada-alta.com/wp-content/uploads/2023/03/LogoNanouk-azul-fondo-transparente-1536x729.png 1536w, https://adistancia.temporada-alta.com/wp-content/uploads/2023/03/LogoNanouk-azul-fondo-transparente-18x9.png 18w, https://adistancia.temporada-alta.com/wp-content/uploads/2023/03/LogoNanouk-azul-fondo-transparente-24x11.png 24w, https://adistancia.temporada-alta.com/wp-content/uploads/2023/03/LogoNanouk-azul-fondo-transparente-36x17.png 36w, https://adistancia.temporada-alta.com/wp-content/uploads/2023/03/LogoNanouk-azul-fondo-transparente-48x23.png 48w" sizes="auto, (max-width: 125px) 100vw, 125px" /></p>

<p><span class="TextRun SCXW211738295 BCX0" lang="CA-ES" xml:lang="CA-ES" data-contrast="auto"><span class="NormalTextRun SCXW211738295 BCX0">Un país cansado y económicamente exhausto que forma parte de una vieja Europa que corre el riesgo de pensar en el pasado en lugar de dibujar su futuro; éste es el marco en el que se hace el festival Temporada Alta 2012.</span></span></p>
<p><span data-contrast="auto">Debido a la crisis económica, existe una sensación de una cierta depresión general en el mundo artístico que, además, provoca que se generen dudas sobre cuál debe ser el papel de la cultura en un momento como éste.</span></p>

<!-- This site is optimized with the Yoast SEO plugin v19.6.1 - https://yoast.com/wordpress/plugins/seo/ -->
<title>Espot Temporada Alta 2012 &gt; Temporada Alta - A distància</title>
<meta name="description" content="Al catàleg hi trobaràs una selecció de grans obres de teatre nacionals i internacionals que, en els darrers temps, han marcat el públic, especialment el del festival. Un catàleg de filmacions de muntatges teatrals en versió original de diversos directors i directores que han passat per Temporada Alta o que suposen fites en la seva trajectòria" />
<meta name="robots" content="index, follow, max-snippet:-1, max-image-preview:large, max-video-preview:-1" />
<link rel="canonical" href="https://adistancia.temporada-alta.com/es/video/ta12/" />
<meta property="og:locale" content="es_ES" />
<meta property="og:type" content="article" />
<meta property="og:title" content="Espot Temporada Alta 2012 &gt; Temporada Alta - A distància" />
<meta property="og:description" content="Al catàleg hi trobaràs una selecció de grans obres de teatre nacionals i internacionals que, en els darrers temps, han marcat el públic, especialment el del festival. Un catàleg de filmacions de muntatges teatrals en versió original de diversos directors i directores que han passat per Temporada Alta o que suposen fites en la seva trajectòria" />
<meta property="og:url" content="https://adistancia.temporada-alta.com/es/video/ta12/" />
<meta property="og:site_name" content="Temporada Alta - A distància" />
<meta property="article:modified_time" content="2023-05-23T12:09:10+00:00" />
<meta property="og:image" content="https://adistancia.temporada-alta.com/wp-content/uploads/2023/03/CTA12_M.jpg" />
	<meta property="og:image:width" content="700" />
	<meta property="og:image:height" content="394" />
	<meta property="og:image:type" content="image/jpeg" />
<meta name="twitter:card" content="summary_large_image" />
<meta name="twitter:label1" content="Est. reading time" />
	<meta name="twitter:data1" content="1 minute" />
<script type="application/ld+json" class="yoast-schema-graph">{"@context":"https://schema.org","@graph":[{"@type":"WebPage","@id":"https://adistancia.temporada-alta.com/video/ta12/","url":"https://adistancia.temporada-alta.com/video/ta12/","name":"Espot Temporada Alta 2012 &gt; Temporada Alta - A distància","isPartOf":{"@id":"https://adistancia.temporada-alta.com/#website"},"datePublished":"2023-03-06T10:25:07+00:00","dateModified":"2023-05-23T12:09:10+00:00","description":"Al catàleg hi trobaràs una selecció de grans obres de teatre nacionals i internacionals que, en els darrers temps, han marcat el públic, especialment el del festival. Un catàleg de filmacions de muntatges teatrals en versió original de diversos directors i directores que han passat per Temporada Alta o que suposen fites en la seva trajectòria","breadcrumb":{"@id":"https://adistancia.temporada-alta.com/video/ta12/#breadcrumb"},"inLanguage":"es-ES","potentialAction":[{"@type":"ReadAction","target":["https://adistancia.temporada-alta.com/video/ta12/"]}]},{"@type":"BreadcrumbList","@id":"https://adistancia.temporada-alta.com/video/ta12/#breadcrumb","itemListElement":[{"@type":"ListItem","position":1,"name":"Home","item":"https://adistancia.temporada-alta.com/"},{"@type":"ListItem","position":2,"name":"Videos","item":"https://adistancia.temporada-alta.com/cataleg/"},{"@type":"ListItem","position":3,"name":"Espot Temporada Alta 2012"}]},{"@type":"WebSite","@id":"https://adistancia.temporada-alta.com/#website","url":"https://adistancia.temporada-alta.com/","name":"Temporada Alta - A distància","description":"","publisher":{"@id":"https://adistancia.temporada-alta.com/#organization"},"potentialAction":[{"@type":"SearchAction","target":{"@type":"EntryPoint","urlTemplate":"https://adistancia.temporada-alta.com/?s={search_term_string}"},"query-input":"required name=search_term_string"}],"inLanguage":"es-ES"},{"@type":"Organization","@id":"https://adistancia.temporada-alta.com/#organization","name":"Temporada alta","url":"https://adistancia.temporada-alta.com/","sameAs":[],"logo":{"@type":"ImageObject","inLanguage":"es-ES","@id":"https://adistancia.temporada-alta.com/#/schema/logo/image/","url":"https://adistancia.temporada-alta.com/wp-content/uploads/2021/08/Logo-TA.png","contentUrl":"https://adistancia.temporada-alta.com/wp-content/uploads/2021/08/Logo-TA.png","width":500,"height":167,"caption":"Temporada alta"},"image":{"@id":"https://adistancia.temporada-alta.com/#/schema/logo/image/"}}]}</script>
<!-- / Yoast SEO plugin. -->

Espot Temporada Alta 2012 &gt; Temporada Alta - A distància

Al catàleg hi trobaràs una selecció de grans obres de teatre nacionals i internacionals que, en els darrers temps, han marcat el públic, especialment el del festival. Un catàleg de filmacions de muntatges teatrals en versió original de diversos directors i directores que han passat per Temporada Alta o que suposen fites en la seva trajectòria

Temporada Alta - A distància
